


{"id":46,"date":"2023-12-01T11:55:11","date_gmt":"2023-12-01T10:55:11","guid":{"rendered":"https:\/\/www.degro.org\/professionals\/?page_id=46"},"modified":"2025-10-21T10:10:14","modified_gmt":"2025-10-21T08:10:14","slug":"willkommen-beim-netzwerk-professionals","status":"publish","type":"page","link":"https:\/\/www.degro.org\/professionals\/","title":{"rendered":"Netzwerk Professionals"},"content":{"rendered":"<div id=\"pl-46\"><style scoped>#pgc-46-0-0 { width:76.111% } #pgc-46-0-1 { width:23.889% } #pg-46-0 , #pg-46-1 , #pg-46-2 , #pl-46 .panel-grid-cell .so-panel { margin-bottom:30px } #pg-46-0 .panel-grid-cell { float:left } #pg-46-1 .panel-grid-cell , #pg-46-2 .panel-grid-cell , #pg-46-3 .panel-grid-cell { float:none } #pl-46 .panel-grid-cell .so-panel:last-child { margin-bottom:0px } #pg-46-0 , #pg-46-1 , #pg-46-2 , #pg-46-3 { margin-left:-15px;margin-right:-15px } #pg-46-0 .panel-grid-cell , #pg-46-1 .panel-grid-cell , #pg-46-2 .panel-grid-cell , #pg-46-3 .panel-grid-cell { padding-left:15px;padding-right:15px } @media (max-width:780px){ #pg-46-0 .panel-grid-cell , #pg-46-1 .panel-grid-cell , #pg-46-2 .panel-grid-cell , #pg-46-3 .panel-grid-cell { float:none;width:auto } #pgc-46-0-0 { margin-bottom:30px } #pl-46 .panel-grid , #pl-46 .panel-grid-cell {  } #pl-46 .panel-grid .panel-grid-cell-empty { display:none } #pl-46 .panel-grid .panel-grid-cell-mobile-last { margin-bottom:0px }  } <\/style><div class=\"panel-grid\" id=\"pg-46-0\" ><div class=\"panel-grid-cell\" id=\"pgc-46-0-0\" ><div class=\"so-panel widget widget_heading panel-first-child panel-last-child\" id=\"panel-46-0-0-0\" data-index=\"0\"><div class=\"thim-widget-heading thim-widget-heading-base\"><div class=\"sc_heading wpb_animate_when_almost_visible wpb_left-to-right text-left\"><h3 style=\"color:#009cd8;\" class=\"title\">Netzwerk Professionals<\/h3><span class=\"line\"><\/span><\/div><\/div><\/div><\/div><div class=\"panel-grid-cell\" id=\"pgc-46-0-1\" ><div class=\"so-panel widget widget_sow-editor panel-first-child panel-last-child\" id=\"panel-46-0-1-0\" data-index=\"1\"><div class=\"so-widget-sow-editor so-widget-sow-editor-base\">\n<div class=\"siteorigin-widget-tinymce textwidget\">\n\t<\/div>\n<\/div><\/div><\/div><\/div><div class=\"panel-grid\" id=\"pg-46-1\" ><div class=\"panel-grid-cell\" id=\"pgc-46-1-0\" ><div class=\"so-panel widget widget_sow-editor panel-first-child panel-last-child\" id=\"panel-46-1-0-0\" data-index=\"2\"><div class=\"so-widget-sow-editor so-widget-sow-editor-base\">\n<div class=\"siteorigin-widget-tinymce textwidget\">\n\t<p>Das Netzwerk Professionals sieht sich als Interessensvertretung des Mittelbaus, d.h. Personen nach Erreichen der ersten Karrierestufe (Facharzt, MPE, naturwissenschaftliche Promotion) vor der jeweiligen Leitungsposition und bietet explizit Raum f\u00fcr verschiedene Berufsgruppen innerhalb der Gesellschaft.<\/p>\n<ul>\n<li>Erg\u00e4nzung der bisherigen Strukturen der DEGRO (<a href=\"https:\/\/www.degro.org\/club100\/\">Club100<\/a>, <a href=\"http:\/\/www.degro.org\/jd\">jDEGRO<\/a>) zur F\u00f6rderung des Nachwuchses<\/li>\n<li>Ersetzt bisheriges Team der \u201ejDEGRO Alumni\u201c &amp;. greift die von der jDEGRO Alumni formulierten Ziele der \"<a href=\"https:\/\/www.degro.org\/zukunftsvision-2030-fuer-strahlentherapie-radioonkologie-in-deutschland\/\">Zukunftsvision<\/a>\" zu<\/li>\n<li>Organisatorisch ist es ein Netzwerk im Rahmen des <a href=\"https:\/\/www.degro.org\/wp-content\/uploads\/2023\/12\/20230227-Organigramm-Grafik.pdf\">DEGRO Organigramms<\/a><\/li>\n<\/ul>\n<p>Ziele des Netzwerks Professionals sind u.a.:<\/p>\n<ul>\n<li>Vernetzung innerhalb der (assoziierten) Fachdisziplinen<\/li>\n<li>F\u00f6rderung der pers\u00f6nlichen (Karriere -)Entwicklung<\/li>\n<li>Entwicklung von Ideen, Themen, Visionen<\/li>\n<\/ul>\n<p>Weitere thematische Vorschl\u00e4ge k\u00f6nnen gerne jederzeit eingebraucht werden.<\/p>\n<p>Bei Interesse an einer Mitarbeit im Netzwerk Professionals bitten wir um kurze R\u00fcckmeldung via Mail an <a href=\"mailto:office@degro.org\">office@degro.org<\/a><\/p>\n<p>Wir freuen uns auf viele motivierte Teilnehmende!<\/p>\n<\/div>\n<\/div><\/div><\/div><\/div><div class=\"panel-grid\" id=\"pg-46-2\" ><div class=\"panel-grid-cell\" id=\"pgc-46-2-0\" ><div class=\"so-panel widget widget_sow-editor panel-first-child panel-last-child\" id=\"panel-46-2-0-0\" data-index=\"3\"><div class=\"so-widget-sow-editor so-widget-sow-editor-base\">\n<div class=\"siteorigin-widget-tinymce textwidget\">\n\t<p>Sprechen Sie uns bei Unsicherheiten oder allgemeinen R\u00fcckfragen jederzeit gerne an - unsere Kontaktdaten finden Sie <a href=\"https:\/\/www.degro.org\/professionals\/kontakt\/\">hier<\/a>.<\/p>\n<\/div>\n<\/div><\/div><\/div><\/div><div class=\"panel-grid\" id=\"pg-46-3\" ><div class=\"panel-grid-cell\" id=\"pgc-46-3-0\" ><div class=\"so-panel widget widget_lsow-team-members panel-first-child\" id=\"panel-46-3-0-0\" data-index=\"4\"><div class=\"so-widget-lsow-team-members so-widget-lsow-team-members-base\">\n\n\n\n\n<div class=\"lsow-team-members lsow-style2 lsow-container\">\n\n    \n        <div class=\"lsow-team-member-wrapper \">\n\n            <div class=\"lsow-team-member\">\n\n                <div class=\"lsow-image-wrapper\">\n\n                    <img width=\"144\" height=\"217\" src=\"https:\/\/www.degro.org\/professionals\/wp-content\/uploads\/sites\/18\/2023\/11\/20232211_M.Oertel_Muenster.jpg\" class=\"lsow-image full\" alt=\"\" loading=\"lazy\" \/>\n                    \n                <\/div>\n\n                <div class=\"lsow-team-member-text\">\n\n                    <h3 class=\"lsow-title\">PD Dr. med. Michael Oertel<\/h3>\n\n                    <div class=\"lsow-team-member-position\">\n\n                        \n                    <\/div>\n\n                    <div class=\"lsow-team-member-details\">\n\n                        Universit\u00e4tsklinikum M\u00fcnster | Klinik f\u00fcr Strahlentherapie | Albert-Schweitzer-Campus 1 | 48149 M\u00fcnster | michael.oertel@ukmuenster.de\n                    <\/div>\n\n                    \n                        \n<div class=\"lsow-social-wrap\">\n\n    <div class=\"lsow-social-list\">\n\n        \n    <\/div>\n\n<\/div>\n\n                    \n                <\/div>\n\n            <\/div>\n\n        <\/div>\n\n    \n<\/div><\/div><\/div><div class=\"so-panel widget widget_lsow-team-members panel-last-child\" id=\"panel-46-3-0-1\" data-index=\"5\"><div class=\"so-widget-lsow-team-members so-widget-lsow-team-members-base\">\n\n\n\n\n<div class=\"lsow-team-members lsow-style2 lsow-container\">\n\n    \n        <div class=\"lsow-team-member-wrapper \">\n\n            <div class=\"lsow-team-member\">\n\n                <div class=\"lsow-image-wrapper\">\n\n                    <img width=\"146\" height=\"218\" src=\"https:\/\/www.degro.org\/professionals\/wp-content\/uploads\/sites\/18\/2023\/11\/20232211_E.Sperk_Mannheim.jpg\" class=\"lsow-image full\" alt=\"\" loading=\"lazy\" \/>\n                    \n                <\/div>\n\n                <div class=\"lsow-team-member-text\">\n\n                    <h3 class=\"lsow-title\">PD Dr. med. Elena Sperk<\/h3>\n\n                    <div class=\"lsow-team-member-position\">\n\n                        \n                    <\/div>\n\n                    <div class=\"lsow-team-member-details\">\n\n                        Universit\u00e4tsmedizin Mannheim | MCC Studienzentrale | Theodor-Kutzer-Ufer 1-3 | 68167 Mannheim | Elena.Sperk@medma.uni-heidelberg.de\n                    <\/div>\n\n                    \n                        \n<div class=\"lsow-social-wrap\">\n\n    <div class=\"lsow-social-list\">\n\n        \n    <\/div>\n\n<\/div>\n\n                    \n                <\/div>\n\n            <\/div>\n\n        <\/div>\n\n    \n<\/div><\/div><\/div><\/div><\/div><\/div>","protected":false},"excerpt":{"rendered":"<p>#pgc-46-0-0 { width:76.111% } #pgc-46-0-1 { width:23.889% } #pg-46-0 , #pg-46-1 , #pg-46-2 , #pl-46 .panel-grid-cell .so-panel { margin-bottom:30px } #pg-46-0 .panel-grid-cell { float:left } #pg-46-1 .panel-grid-cell , #pg-46-2 .panel-grid-cell , #pg-46-3 .panel-grid-cell { float:none } #pl-46 .panel-grid-cell .so-panel:last-child { <\/p>\n","protected":false},"author":8,"featured_media":0,"parent":0,"menu_order":0,"comment_status":"closed","ping_status":"closed","template":"","meta":[],"_links":{"self":[{"href":"https:\/\/www.degro.org\/professionals\/wp-json\/wp\/v2\/pages\/46"}],"collection":[{"href":"https:\/\/www.degro.org\/professionals\/wp-json\/wp\/v2\/pages"}],"about":[{"href":"https:\/\/www.degro.org\/professionals\/wp-json\/wp\/v2\/types\/page"}],"author":[{"embeddable":true,"href":"https:\/\/www.degro.org\/professionals\/wp-json\/wp\/v2\/users\/8"}],"replies":[{"embeddable":true,"href":"https:\/\/www.degro.org\/professionals\/wp-json\/wp\/v2\/comments?post=46"}],"version-history":[{"count":48,"href":"https:\/\/www.degro.org\/professionals\/wp-json\/wp\/v2\/pages\/46\/revisions"}],"predecessor-version":[{"id":353,"href":"https:\/\/www.degro.org\/professionals\/wp-json\/wp\/v2\/pages\/46\/revisions\/353"}],"wp:attachment":[{"href":"https:\/\/www.degro.org\/professionals\/wp-json\/wp\/v2\/media?parent=46"}],"curies":[{"name":"wp","href":"https:\/\/api.w.org\/{rel}","templated":true}]}}

<div id="pl-46"><style scoped>#pgc-46-0-0 { width:76.111% } #pgc-46-0-1 { width:23.889% } #pg-46-0 , #pg-46-1 , #pg-46-2 , #pl-46 .panel-grid-cell .so-panel { margin-bottom:30px } #pg-46-0 .panel-grid-cell { float:left } #pg-46-1 .panel-grid-cell , #pg-46-2 .panel-grid-cell , #pg-46-3 .panel-grid-cell { float:none } #pl-46 .panel-grid-cell .so-panel:last-child { margin-bottom:0px } #pg-46-0 , #pg-46-1 , #pg-46-2 , #pg-46-3 { margin-left:-15px;margin-right:-15px } #pg-46-0 .panel-grid-cell , #pg-46-1 .panel-grid-cell , #pg-46-2 .panel-grid-cell , #pg-46-3 .panel-grid-cell { padding-left:15px;padding-right:15px } @media (max-width:780px){ #pg-46-0 .panel-grid-cell , #pg-46-1 .panel-grid-cell , #pg-46-2 .panel-grid-cell , #pg-46-3 .panel-grid-cell { float:none;width:auto } #pgc-46-0-0 { margin-bottom:30px } #pl-46 .panel-grid , #pl-46 .panel-grid-cell {  } #pl-46 .panel-grid .panel-grid-cell-empty { display:none } #pl-46 .panel-grid .panel-grid-cell-mobile-last { margin-bottom:0px }  } </style><div class="panel-grid" id="pg-46-0" ><div class="panel-grid-cell" id="pgc-46-0-0" ><div class="so-panel widget widget_heading panel-first-child panel-last-child" id="panel-46-0-0-0" data-index="0"><div class="thim-widget-heading thim-widget-heading-base"><div class="sc_heading wpb_animate_when_almost_visible wpb_left-to-right text-left"><h3 style="color:#009cd8;" class="title">Netzwerk Professionals</h3><span class="line"></span></div></div></div></div><div class="panel-grid-cell" id="pgc-46-0-1" ><div class="so-panel widget widget_sow-editor panel-first-child panel-last-child" id="panel-46-0-1-0" data-index="1"><div class="so-widget-sow-editor so-widget-sow-editor-base">
<div class="siteorigin-widget-tinymce textwidget">
	</div>
</div></div></div></div><div class="panel-grid" id="pg-46-1" ><div class="panel-grid-cell" id="pgc-46-1-0" ><div class="so-panel widget widget_sow-editor panel-first-child panel-last-child" id="panel-46-1-0-0" data-index="2"><div class="so-widget-sow-editor so-widget-sow-editor-base">
<div class="siteorigin-widget-tinymce textwidget">
	<p>Das Netzwerk Professionals sieht sich als Interessensvertretung des Mittelbaus, d.h. Personen nach Erreichen der ersten Karrierestufe (Facharzt, MPE, naturwissenschaftliche Promotion) vor der jeweiligen Leitungsposition und bietet explizit Raum für verschiedene Berufsgruppen innerhalb der Gesellschaft.</p>
<ul>
<li>Ergänzung der bisherigen Strukturen der DEGRO (<a href="https://www.degro.org/club100/">Club100</a>, <a href="http://www.degro.org/jd">jDEGRO</a>) zur Förderung des Nachwuchses</li>
<li>Ersetzt bisheriges Team der „jDEGRO Alumni“ &amp;. greift die von der jDEGRO Alumni formulierten Ziele der "<a href="https://www.degro.org/zukunftsvision-2030-fuer-strahlentherapie-radioonkologie-in-deutschland/">Zukunftsvision</a>" zu</li>
<li>Organisatorisch ist es ein Netzwerk im Rahmen des <a href="https://www.degro.org/wp-content/uploads/2023/12/20230227-Organigramm-Grafik.pdf">DEGRO Organigramms</a></li>
</ul>
<p>Ziele des Netzwerks Professionals sind u.a.:</p>
<ul>
<li>Vernetzung innerhalb der (assoziierten) Fachdisziplinen</li>
<li>Förderung der persönlichen (Karriere -)Entwicklung</li>
<li>Entwicklung von Ideen, Themen, Visionen</li>
</ul>
<p>Weitere thematische Vorschläge können gerne jederzeit eingebraucht werden.</p>
<p>Bei Interesse an einer Mitarbeit im Netzwerk Professionals bitten wir um kurze Rückmeldung via Mail an <a href="mailto:office@degro.org">office@degro.org</a></p>
<p>Wir freuen uns auf viele motivierte Teilnehmende!</p>
</div>
</div></div></div></div><div class="panel-grid" id="pg-46-2" ><div class="panel-grid-cell" id="pgc-46-2-0" ><div class="so-panel widget widget_sow-editor panel-first-child panel-last-child" id="panel-46-2-0-0" data-index="3"><div class="so-widget-sow-editor so-widget-sow-editor-base">
<div class="siteorigin-widget-tinymce textwidget">
	<p>Sprechen Sie uns bei Unsicherheiten oder allgemeinen Rückfragen jederzeit gerne an - unsere Kontaktdaten finden Sie <a href="https://www.degro.org/professionals/kontakt/">hier</a>.</p>
</div>
</div></div></div></div><div class="panel-grid" id="pg-46-3" ><div class="panel-grid-cell" id="pgc-46-3-0" ><div class="so-panel widget widget_lsow-team-members panel-first-child" id="panel-46-3-0-0" data-index="4"><div class="so-widget-lsow-team-members so-widget-lsow-team-members-base">




<div class="lsow-team-members lsow-style2 lsow-container">

    
        <div class="lsow-team-member-wrapper ">

            <div class="lsow-team-member">

                <div class="lsow-image-wrapper">

                    <img width="144" height="217" src="https://www.degro.org/professionals/wp-content/uploads/sites/18/2023/11/20232211_M.Oertel_Muenster.jpg" class="lsow-image full" alt="" loading="lazy" />
                    
                </div>

                <div class="lsow-team-member-text">

                    <h3 class="lsow-title">PD Dr. med. Michael Oertel</h3>

                    <div class="lsow-team-member-position">

                        
                    </div>

                    <div class="lsow-team-member-details">

                        Universitätsklinikum Münster | Klinik für Strahlentherapie | Albert-Schweitzer-Campus 1 | 48149 Münster | michael.oertel@ukmuenster.de
                    </div>

                    
                        
<div class="lsow-social-wrap">

    <div class="lsow-social-list">

        
    </div>

</div>

                    
                </div>

            </div>

        </div>

    
</div></div></div><div class="so-panel widget widget_lsow-team-members panel-last-child" id="panel-46-3-0-1" data-index="5"><div class="so-widget-lsow-team-members so-widget-lsow-team-members-base">




<div class="lsow-team-members lsow-style2 lsow-container">

    
        <div class="lsow-team-member-wrapper ">

            <div class="lsow-team-member">

                <div class="lsow-image-wrapper">

                    <img width="146" height="218" src="https://www.degro.org/professionals/wp-content/uploads/sites/18/2023/11/20232211_E.Sperk_Mannheim.jpg" class="lsow-image full" alt="" loading="lazy" />
                    
                </div>

                <div class="lsow-team-member-text">

                    <h3 class="lsow-title">PD Dr. med. Elena Sperk</h3>

                    <div class="lsow-team-member-position">

                        
                    </div>

                    <div class="lsow-team-member-details">

                        Universitätsmedizin Mannheim | MCC Studienzentrale | Theodor-Kutzer-Ufer 1-3 | 68167 Mannheim | Elena.Sperk@medma.uni-heidelberg.de
                    </div>

                    
                        
<div class="lsow-social-wrap">

    <div class="lsow-social-list">

        
    </div>

</div>

                    
                </div>

            </div>

        </div>

    
</div></div></div></div></div></div>
