


{"id":386,"date":"2025-12-15T13:27:00","date_gmt":"2025-12-15T12:27:00","guid":{"rendered":"https:\/\/www.degro.org\/professionals\/?page_id=386"},"modified":"2025-12-16T12:38:19","modified_gmt":"2025-12-16T11:38:19","slug":"beam-stories","status":"publish","type":"page","link":"https:\/\/www.degro.org\/professionals\/beam-stories\/","title":{"rendered":"Beam Stories"},"content":{"rendered":"<div id=\"pl-386\"><style scoped>#pg-386-0 .panel-grid-cell { float:none } #pl-386 .panel-grid-cell .so-panel { margin-bottom:30px } #pl-386 .panel-grid-cell .so-panel:last-child { margin-bottom:0px } #pg-386-0 { margin-left:-15px;margin-right:-15px } #pg-386-0 .panel-grid-cell { padding-left:15px;padding-right:15px } @media (max-width:780px){ #pg-386-0 .panel-grid-cell { float:none;width:auto } #pl-386 .panel-grid , #pl-386 .panel-grid-cell {  } #pl-386 .panel-grid .panel-grid-cell-empty { display:none } #pl-386 .panel-grid .panel-grid-cell-mobile-last { margin-bottom:0px }  } <\/style><div class=\"panel-grid\" id=\"pg-386-0\" ><div class=\"panel-grid-cell\" id=\"pgc-386-0-0\" ><div class=\"so-panel widget widget_sow-editor panel-first-child\" id=\"panel-386-0-0-0\" data-index=\"0\"><div class=\"so-widget-sow-editor so-widget-sow-editor-base\">\n<div class=\"siteorigin-widget-tinymce textwidget\">\n\t<h1 style=\"text-align: center\">\u00a0BEAM STORIES by DEGRO<\/h1>\n<p>Liebe Kolleginnen und Kollegen,\u00a0<\/p>\n<p>mit den Beam Stories bietet der <strong>DEGRO-Jahreskongress in Leipzig<\/strong> eine einzigartige Plattform f\u00fcr Sie und Ihre Geschichte. <strong>F\u00fcr sieben Minuten geh\u00f6rt Ihnen unsere B\u00fchne<\/strong>. Dabei gibt es kein Pult und keine Folien, nur Sie und Ihre ganz pers\u00f6nlichen Erz\u00e4hlungen und inspirierenden Erfahrungen von \u00c4rztinnen und \u00c4rzten. Aufgerufen sind alle Berufsgruppen und PatientInnen sowie deren Angeh\u00f6rigen ganz unabh\u00e4ngig von Positionen und Titeln.\u00a0<\/p>\n<p>Beam Stories bietet Ihnen Raum f\u00fcr Themenschwerpunkte, wie zum Beispiel:<\/p>\n<p><strong>Arbeit im medizinischen Bereich | <\/strong>Erfahrungen von Pflegekr\u00e4ften, \u00c4rzten und anderen Fachkr\u00e4ften im Kampf gegen den Krebs<\/p>\n<p><strong>Psychosoziale Aspekte<\/strong> | Umgang mit emotionalen Belastungen, Angst, Hoffnung und Unterst\u00fctzung w\u00e4hrend der Behandlung<\/p>\n<p><strong>Innovative Ans\u00e4tze<\/strong> | Neue Forschungsans\u00e4tze, personalisierte Medizin und technologische Innovationen<\/p>\n<p><strong>Onkologie- \"Community\" und Vielfalt<\/strong>| Themen rund um Integration, Vielfalt, Zugang zu Versorgung und patientenzentrierte Betreuung<\/p>\n<p><strong>Behandlungserfahrung<\/strong> | Berichte \u00fcber spezifische Therapien, Nebenwirkungen und Umgang mit der Krankheit<\/p>\n<p><strong>Pers\u00f6nliche Krankengeschichten<\/strong> | Erfahrungsberichte von Patientinnen und Patienten sowie deren Angeh\u00f6rigen<\/p>\n<\/div>\n<\/div><\/div><div class=\"so-panel widget widget_sow-video\" id=\"panel-386-0-0-1\" data-index=\"1\"><div class=\"so-widget-sow-video so-widget-sow-video-base\">\n<div class=\"sow-video-wrapper\">\n\t\t<video\n\t\t\t\tid=\"sow-player-1\" \t\t\t\tclass=\"sow-video-widget\" \t\t\t\tpreload=\"auto\" \t\t\t\tstyle=\"width:100%;height:100%;\" \t\t\t\tautoplay=\"1\" \t\t\t\tposter=\"https:\/\/www.degro.org\/professionals\/wp-content\/uploads\/sites\/18\/2025\/12\/Variante2_von-BeamStories_mit-Untertitel_.jpg\" \t\t\t>\n\t\t\t\t<source type=\"\" src=\"https:\/\/youtu.be\/KEz8qokj81c\"\/>\n\t\t\t<\/video>\n\t<\/div>\n<\/div><\/div><div class=\"so-panel widget widget_sow-editor panel-last-child\" id=\"panel-386-0-0-2\" data-index=\"2\"><div class=\"so-widget-sow-editor so-widget-sow-editor-base\">\n<div class=\"siteorigin-widget-tinymce textwidget\">\n\t<p>\u00a0<\/p>\n<p>Machen Sie mit uns den DEGRO noch pers\u00f6nlicher!<\/p>\n<p>Wir freuen uns auf Sie!<\/p>\n<p>Siyer Roohani und Felix Bock<\/p>\n<p>Anmeldungen unter: office@degro.org<\/p>\n<p>BeamStories ist angelehnt an die ASCOvoices, welches sich seit Jahren gro\u00dfer Beliebtheit erfreut. Finden Sie <a href=\"https:\/\/asco-meetings.gallery.video\/2025-am-featured-videos\/category\/videos\/asco-voices\">unter diesem Link<\/a> einige Inspirationen dazu.<\/p>\n<\/div>\n<\/div><\/div><\/div><\/div><\/div>","protected":false},"excerpt":{"rendered":"<p>#pg-386-0 .panel-grid-cell { float:none } #pl-386 .panel-grid-cell .so-panel { margin-bottom:30px } #pl-386 .panel-grid-cell .so-panel:last-child { margin-bottom:0px } #pg-386-0 { margin-left:-15px;margin-right:-15px } #pg-386-0 .panel-grid-cell { padding-left:15px;padding-right:15px } @media (max-width:780px){ #pg-386-0 .panel-grid-cell { float:none;width:auto } #pl-386 .panel-grid , #pl-386 .panel-grid-cell {  <\/p>\n","protected":false},"author":8,"featured_media":0,"parent":0,"menu_order":0,"comment_status":"closed","ping_status":"closed","template":"","meta":[],"_links":{"self":[{"href":"https:\/\/www.degro.org\/professionals\/wp-json\/wp\/v2\/pages\/386"}],"collection":[{"href":"https:\/\/www.degro.org\/professionals\/wp-json\/wp\/v2\/pages"}],"about":[{"href":"https:\/\/www.degro.org\/professionals\/wp-json\/wp\/v2\/types\/page"}],"author":[{"embeddable":true,"href":"https:\/\/www.degro.org\/professionals\/wp-json\/wp\/v2\/users\/8"}],"replies":[{"embeddable":true,"href":"https:\/\/www.degro.org\/professionals\/wp-json\/wp\/v2\/comments?post=386"}],"version-history":[{"count":13,"href":"https:\/\/www.degro.org\/professionals\/wp-json\/wp\/v2\/pages\/386\/revisions"}],"predecessor-version":[{"id":405,"href":"https:\/\/www.degro.org\/professionals\/wp-json\/wp\/v2\/pages\/386\/revisions\/405"}],"wp:attachment":[{"href":"https:\/\/www.degro.org\/professionals\/wp-json\/wp\/v2\/media?parent=386"}],"curies":[{"name":"wp","href":"https:\/\/api.w.org\/{rel}","templated":true}]}}