


{"id":33,"date":"2018-01-30T13:24:35","date_gmt":"2018-01-30T12:24:35","guid":{"rendered":"https:\/\/www.degro.org\/palliativmedizin\/?page_id=33"},"modified":"2021-07-05T12:37:29","modified_gmt":"2021-07-05T10:37:29","slug":"kontakt","status":"publish","type":"page","link":"https:\/\/www.degro.org\/palliativmedizin\/kontakt\/","title":{"rendered":"Kontakt"},"content":{"rendered":"<p>F\u00fcr Fragen und weiterf\u00fchrende Informationen steht Ihnen die Vorsitzende der AG, Frau Dr. med. Steffi Ulrike Pigorsch, wie folgt zur Verf\u00fcgung:<\/p>\n<p>Klinikum rechts der Isar, Technische Universit\u00e4t M\u00fcnchen<br \/>\nKlinik und Poliklinik f\u00fcr Strahlentherapie und RadioOnkologie<br \/>\nE-Mail: <a href=\"mailto:steffi.pigorsch@tum.de\">steffi.pigorsch@tum.de<\/a><\/p>\n","protected":false},"excerpt":{"rendered":"<p>F\u00fcr Fragen und weiterf\u00fchrende Informationen steht Ihnen die Vorsitzende der AG, Frau Dr. med. Steffi Ulrike Pigorsch, wie folgt zur Verf\u00fcgung:<br \/>\nKlinikum rechts der Isar, Technische Universit\u00e4t M\u00fcnchen<br \/>\nKlinik und Poliklinik f\u00fcr Strahlentherapie und RadioOnkologie<br \/>\nE-Mail: steffi.pigorsch@tum.de<\/p>\n","protected":false},"author":3,"featured_media":0,"parent":0,"menu_order":0,"comment_status":"closed","ping_status":"closed","template":"","meta":[],"_links":{"self":[{"href":"https:\/\/www.degro.org\/palliativmedizin\/wp-json\/wp\/v2\/pages\/33"}],"collection":[{"href":"https:\/\/www.degro.org\/palliativmedizin\/wp-json\/wp\/v2\/pages"}],"about":[{"href":"https:\/\/www.degro.org\/palliativmedizin\/wp-json\/wp\/v2\/types\/page"}],"author":[{"embeddable":true,"href":"https:\/\/www.degro.org\/palliativmedizin\/wp-json\/wp\/v2\/users\/3"}],"replies":[{"embeddable":true,"href":"https:\/\/www.degro.org\/palliativmedizin\/wp-json\/wp\/v2\/comments?post=33"}],"version-history":[{"count":5,"href":"https:\/\/www.degro.org\/palliativmedizin\/wp-json\/wp\/v2\/pages\/33\/revisions"}],"predecessor-version":[{"id":284,"href":"https:\/\/www.degro.org\/palliativmedizin\/wp-json\/wp\/v2\/pages\/33\/revisions\/284"}],"wp:attachment":[{"href":"https:\/\/www.degro.org\/palliativmedizin\/wp-json\/wp\/v2\/media?parent=33"}],"curies":[{"name":"wp","href":"https:\/\/api.w.org\/{rel}","templated":true}]}}