


{"id":1271,"date":"2024-04-03T16:29:06","date_gmt":"2024-04-03T14:29:06","guid":{"rendered":"https:\/\/www.degro.org\/jd\/?page_id=1271"},"modified":"2026-03-16T09:54:38","modified_gmt":"2026-03-16T08:54:38","slug":"jdegro-zu-gast","status":"publish","type":"page","link":"https:\/\/www.degro.org\/jd\/jdegro-zu-gast\/","title":{"rendered":"jDEGRO zu Gast"},"content":{"rendered":"<div id=\"pl-1271\"><style scoped>#pg-1271-0 , #pg-1271-1 , #pg-1271-2 , #pg-1271-3 , #pl-1271 .panel-grid-cell .so-panel { margin-bottom:30px } #pg-1271-0 .panel-grid-cell , #pg-1271-1 .panel-grid-cell , #pg-1271-2 .panel-grid-cell , #pg-1271-3 .panel-grid-cell { float:none } #pgc-1271-4-0 , #pgc-1271-4-1 { width:50% } #pg-1271-4 .panel-grid-cell { float:left } #pl-1271 .panel-grid-cell .so-panel:last-child { margin-bottom:0px } #pg-1271-0 , #pg-1271-1 , #pg-1271-2 , #pg-1271-3 , #pg-1271-4 { margin-left:-15px;margin-right:-15px } #pg-1271-0 .panel-grid-cell , #pg-1271-1 .panel-grid-cell , #pg-1271-2 .panel-grid-cell , #pg-1271-3 .panel-grid-cell , #pg-1271-4 .panel-grid-cell { padding-left:15px;padding-right:15px } @media (max-width:780px){ #pg-1271-0 .panel-grid-cell , #pg-1271-1 .panel-grid-cell , #pg-1271-2 .panel-grid-cell , #pg-1271-3 .panel-grid-cell , #pg-1271-4 .panel-grid-cell { float:none;width:auto } #pgc-1271-4-0 { margin-bottom:30px } #pl-1271 .panel-grid , #pl-1271 .panel-grid-cell {  } #pl-1271 .panel-grid .panel-grid-cell-empty { display:none } #pl-1271 .panel-grid .panel-grid-cell-mobile-last { margin-bottom:0px }  } <\/style><div class=\"panel-grid\" id=\"pg-1271-0\" ><div class=\"panel-grid-cell\" id=\"pgc-1271-0-0\" ><div class=\"so-panel widget widget_sow-editor panel-first-child\" id=\"panel-1271-0-0-0\" data-index=\"0\"><div class=\"so-widget-sow-editor so-widget-sow-editor-base\">\n<div class=\"siteorigin-widget-tinymce textwidget\">\n\t<h1><span style=\"color: #009cd8\">j<span style=\"color: #000000\">DEG<\/span><span style=\"color: #ff0000\">R<\/span>O zu Gast in <\/span>Marburg<\/h1>\n<\/div>\n<\/div><\/div><div class=\"so-panel widget widget_sow-editor panel-last-child\" id=\"panel-1271-0-0-1\" data-index=\"1\"><div class=\"so-widget-sow-editor so-widget-sow-editor-base\">\n<div class=\"siteorigin-widget-tinymce textwidget\">\n\t<h4><span style=\"color: #ff0000\">Freitag, 06. November 2026 - Samstag, 07. November 2026<\/span><\/h4>\n<\/div>\n<\/div><\/div><\/div><\/div><div class=\"panel-grid\" id=\"pg-1271-1\" ><div class=\"panel-grid-cell\" id=\"pgc-1271-1-0\" ><div class=\"so-panel widget widget_sow-editor panel-first-child panel-last-child\" id=\"panel-1271-1-0-0\" data-index=\"2\"><div class=\"so-widget-sow-editor so-widget-sow-editor-base\">\n<div class=\"siteorigin-widget-tinymce textwidget\">\n\t<p>Liebe Kolleginnen und Kollegen, liebe Interessierte,\u00a0<\/p>\n<p>als lokale Gastgeber und jDEGRO freuen wir uns sehr, euch zur n\u00e4chsten \"jDEGRO zu Gast\" - Veranstaltung zum Thema \"<strong>Hypofraktionierung in der modernen Radioonkologie<\/strong>\" am <span style=\"color: #ff0000\">6. und 7. November 2026<\/span> nach Marburg einladen zu d\u00fcrfen. Wir freuen uns darauf, uns mit euch fachlich auszutauschen und aktiv die neuesten Entwicklungen unserer klinischen Standards zu diskutieren.\u00a0<\/p>\n<p>Hypofraktionierung ist in vielen Indikationen l\u00e4ngst in der Routine angekommen und gewinnt durch technische Innovationen (u.a. IMRT\/ VMAT, IGRT, Motion-Management, adaptive Konzepte) weiter an Bedeutung. In der Fortbildung m\u00f6chten wir gemeinsam beleuchten, wann Hypofraktionierung sinnvoll ist, wo ihre Grenzen liegen und welche radiobiologischen, klinischen und organisatorischen Aspekte f\u00fcr eine sichere und wirksame Umsetzung entscheidend sind. Dabei sollen sowohl etablierte Standards als auch aktuelle Entwicklungen und offene Fragen diskutiert werden.\u00a0<\/p>\n<p>Neben den Vortr\u00e4gen erfahrener Referierender planen wir auch eine F\u00fchrung durch das Marburger Ionenstrahl-Therapiezentrum sowie einen spannenden Impulsvortrag zum Thema Burnout und Arbeitsbelastung in der Onkologie im Allgemeinen.\u00a0<\/p>\n<p>Die AG-Sitzungen der jDEGRO finden, wie gewohnt, ebenfalls am zweiten Tag der Veranstaltung statt. Wir freuen uns auf eure Teilnahme und bitten euch im Sinne der besseren Planbarkeit, euch bis zum<strong> 15.10.2026<\/strong> anzumelden. Ein vorl\u00e4ufiges Programm sowie weitere Informationen zu Anreise, \u00dcbernachtungsm\u00f6glichkeiten und Abendprogramm folgen zeitnah.\u00a0<\/p>\n<p><strong>Bis bald in Marburg!<\/strong><\/p>\n<\/div>\n<\/div><\/div><\/div><\/div><div class=\"panel-grid\" id=\"pg-1271-2\" ><div class=\"panel-grid-cell panel-grid-cell-empty\" id=\"pgc-1271-2-0\" ><\/div><\/div><div class=\"panel-grid\" id=\"pg-1271-3\" ><div class=\"panel-grid-cell\" id=\"pgc-1271-3-0\" ><div class=\"so-panel widget widget_sow-editor panel-first-child\" id=\"panel-1271-3-0-0\" data-index=\"3\"><div class=\"so-widget-sow-editor so-widget-sow-editor-base\">\n<div class=\"siteorigin-widget-tinymce textwidget\">\n\t<h2 style=\"text-align: center\">N\u00e4chste jDEGRO zu Gast Veranstaltung:<br \/>\n<strong>Freitag, den 06. -07. November 2026<br \/>\nin Marburg<\/strong><\/h2>\n<\/div>\n<\/div><\/div><div class=\"so-panel widget widget_sow-image\" id=\"panel-1271-3-0-1\" data-index=\"4\"><div class=\"so-widget-sow-image so-widget-sow-image-default-3f547a15eaaa\">\n\n<div class=\"sow-image-container\">\n\t<img src=\"https:\/\/www.degro.org\/jd\/wp-content\/uploads\/sites\/8\/2026\/03\/jdegro-zu-Gast-Marburg-Nov26.jpg\" width=\"1415\" height=\"794\" srcset=\"https:\/\/www.degro.org\/jd\/wp-content\/uploads\/sites\/8\/2026\/03\/jdegro-zu-Gast-Marburg-Nov26.jpg 1415w, https:\/\/www.degro.org\/jd\/wp-content\/uploads\/sites\/8\/2026\/03\/jdegro-zu-Gast-Marburg-Nov26-300x168.jpg 300w, https:\/\/www.degro.org\/jd\/wp-content\/uploads\/sites\/8\/2026\/03\/jdegro-zu-Gast-Marburg-Nov26-1024x575.jpg 1024w, https:\/\/www.degro.org\/jd\/wp-content\/uploads\/sites\/8\/2026\/03\/jdegro-zu-Gast-Marburg-Nov26-768x431.jpg 768w\" title=\"jdegro zu Gast Marburg Nov26\"  class=\"so-widget-image\"\/>\n<\/div>\n\n<\/div><\/div><div class=\"so-panel widget widget_countdown-box panel-last-child\" id=\"panel-1271-3-0-2\" data-index=\"5\"><div class=\"thim-widget-countdown-box thim-widget-countdown-box-base\"><div class=\"text-center color-black\" id=\"coming-soon-counter69f1a3b8439dc\"><\/div><script type=\"text\/javascript\">\njQuery(function () {\n\tjQuery(document).ready(function () {\n\t\tjQuery(\"#coming-soon-counter69f1a3b8439dc\").mbComingsoon({\n\t\t\texpiryDate  : new Date(2026,10,6,11),\n\t\t\tlocalization: {\n\t\t\t\tdays   : \"Tage\",\n\t\t\t\thours  : \"Stunden\",\n\t\t\t\tminutes: \"minutes\",\n\t\t\t\tseconds: \"seconds\"\n\t\t\t},\n\t\t\tspeed       : 100\n\t\t});\n\t\tsetTimeout(function () {\n\t\t\tjQuery(window).resize();\n\t\t}, 200);\n\t});\n});\n<\/script><\/div><\/div><\/div><\/div><div class=\"panel-grid\" id=\"pg-1271-4\" ><div class=\"panel-grid-cell\" id=\"pgc-1271-4-0\" ><div class=\"so-panel widget widget_icon-box panel-first-child panel-last-child\" id=\"panel-1271-4-0-0\" data-index=\"6\"><div class=\"thim-widget-icon-box thim-widget-icon-box-base\"><div class=\"wrapper-box-icon text-center  \" ><div class=\"smicon-box iconbox-top\"><div class=\"boxes-icon\" style=\"border-color:#009cd8;width: 100px;height: 100px;\"><a class=\"icon-box-link\" href=\"https:\/\/mitglieder.degro.org\/anmeldungags.jsp?sid=34078\" style=\"color: #009cd8;\"><span class=\"inner-icon\"><span class=\"icon\"><i class=\"fa fa-sign-out\" style=\"color:#009cd8; font-size:50px; line-height:50px; vertical-align: middle;\"><\/i><\/span><\/span><\/a><\/div><div class=\"content-inner\" ><div class=\"sc-heading article_heading\"><h3 class = \"heading__primary\" style=\"color: #009cd8;\"><a class=\"icon-box-link\" href=\"https:\/\/mitglieder.degro.org\/anmeldungags.jsp?sid=34078\" style=\"color: #009cd8;\">Anmeldung zur jDEGRO zu Gast in Marburg<\/a><\/h3><\/div><div class=\"desc-icon-box\"><p style=\"color: #000000;font-size: 14px;line-height: 21px;\"><a class=\"icon-box-link\" href=\"https:\/\/mitglieder.degro.org\/anmeldungags.jsp?sid=34078\" style=\"color: #009cd8;\">Anmeldeschluss: 15. Oktober 2026<\/a><\/p><\/div><\/div><\/div><!--end smicon-box--><\/div><\/div><\/div><\/div><div class=\"panel-grid-cell\" id=\"pgc-1271-4-1\" ><div class=\"so-panel widget widget_icon-box panel-first-child panel-last-child\" id=\"panel-1271-4-1-0\" data-index=\"7\"><div class=\"thim-widget-icon-box thim-widget-icon-box-base\"><div class=\"wrapper-box-icon text-center  \" ><div class=\"smicon-box iconbox-top\"><div class=\"boxes-icon\" style=\"border-color:#009cd8;width: 100px;height: 100px;\"><a class=\"icon-box-link\" href=\"https:\/\/www.degro.org\/jd\/wp-content\/uploads\/sites\/8\/2026\/03\/jDEGRO-Marburg-2026.pdf\" style=\"color: #009cd8;\"><span class=\"inner-icon\"><span class=\"icon\"><i class=\"fa fa-download\" style=\"color:#009cd8; font-size:50px; line-height:50px; vertical-align: middle;\"><\/i><\/span><\/span><\/a><\/div><div class=\"content-inner\" ><div class=\"sc-heading article_heading\"><h3 class = \"heading__primary\" style=\"color: #009cd8;\"><a class=\"icon-box-link\" href=\"https:\/\/www.degro.org\/jd\/wp-content\/uploads\/sites\/8\/2026\/03\/jDEGRO-Marburg-2026.pdf\" style=\"color: #009cd8;\">Programm <\/a><\/h3><\/div><div class=\"desc-icon-box\"><p style=\"color: #000000;font-size: 14px;line-height: 21px;\"><a class=\"icon-box-link\" href=\"https:\/\/www.degro.org\/jd\/wp-content\/uploads\/sites\/8\/2026\/03\/jDEGRO-Marburg-2026.pdf\" style=\"color: #009cd8;\">Hier finden Sie das Programm zu der Veranstaltung<\/a><\/p><\/div><\/div><\/div><!--end smicon-box--><\/div><\/div><\/div><\/div><\/div><\/div>","protected":false},"excerpt":{"rendered":"<p>#pg-1271-0 , #pg-1271-1 , #pg-1271-2 , #pg-1271-3 , #pl-1271 .panel-grid-cell .so-panel { margin-bottom:30px } #pg-1271-0 .panel-grid-cell , #pg-1271-1 .panel-grid-cell , #pg-1271-2 .panel-grid-cell , #pg-1271-3 .panel-grid-cell { float:none } #pgc-1271-4-0 , #pgc-1271-4-1 { width:50% } #pg-1271-4 .panel-grid-cell { float:left } #pl-1271 <\/p>\n","protected":false},"author":8,"featured_media":0,"parent":0,"menu_order":0,"comment_status":"closed","ping_status":"closed","template":"","meta":[],"_links":{"self":[{"href":"https:\/\/www.degro.org\/jd\/wp-json\/wp\/v2\/pages\/1271"}],"collection":[{"href":"https:\/\/www.degro.org\/jd\/wp-json\/wp\/v2\/pages"}],"about":[{"href":"https:\/\/www.degro.org\/jd\/wp-json\/wp\/v2\/types\/page"}],"author":[{"embeddable":true,"href":"https:\/\/www.degro.org\/jd\/wp-json\/wp\/v2\/users\/8"}],"replies":[{"embeddable":true,"href":"https:\/\/www.degro.org\/jd\/wp-json\/wp\/v2\/comments?post=1271"}],"version-history":[{"count":33,"href":"https:\/\/www.degro.org\/jd\/wp-json\/wp\/v2\/pages\/1271\/revisions"}],"predecessor-version":[{"id":1674,"href":"https:\/\/www.degro.org\/jd\/wp-json\/wp\/v2\/pages\/1271\/revisions\/1674"}],"wp:attachment":[{"href":"https:\/\/www.degro.org\/jd\/wp-json\/wp\/v2\/media?parent=1271"}],"curies":[{"name":"wp","href":"https:\/\/api.w.org\/{rel}","templated":true}]}}

<div id="pl-1271"><style scoped>#pg-1271-0 , #pg-1271-1 , #pg-1271-2 , #pg-1271-3 , #pl-1271 .panel-grid-cell .so-panel { margin-bottom:30px } #pg-1271-0 .panel-grid-cell , #pg-1271-1 .panel-grid-cell , #pg-1271-2 .panel-grid-cell , #pg-1271-3 .panel-grid-cell { float:none } #pgc-1271-4-0 , #pgc-1271-4-1 { width:50% } #pg-1271-4 .panel-grid-cell { float:left } #pl-1271 .panel-grid-cell .so-panel:last-child { margin-bottom:0px } #pg-1271-0 , #pg-1271-1 , #pg-1271-2 , #pg-1271-3 , #pg-1271-4 { margin-left:-15px;margin-right:-15px } #pg-1271-0 .panel-grid-cell , #pg-1271-1 .panel-grid-cell , #pg-1271-2 .panel-grid-cell , #pg-1271-3 .panel-grid-cell , #pg-1271-4 .panel-grid-cell { padding-left:15px;padding-right:15px } @media (max-width:780px){ #pg-1271-0 .panel-grid-cell , #pg-1271-1 .panel-grid-cell , #pg-1271-2 .panel-grid-cell , #pg-1271-3 .panel-grid-cell , #pg-1271-4 .panel-grid-cell { float:none;width:auto } #pgc-1271-4-0 { margin-bottom:30px } #pl-1271 .panel-grid , #pl-1271 .panel-grid-cell {  } #pl-1271 .panel-grid .panel-grid-cell-empty { display:none } #pl-1271 .panel-grid .panel-grid-cell-mobile-last { margin-bottom:0px }  } </style><div class="panel-grid" id="pg-1271-0" ><div class="panel-grid-cell" id="pgc-1271-0-0" ><div class="so-panel widget widget_sow-editor panel-first-child" id="panel-1271-0-0-0" data-index="0"><div class="so-widget-sow-editor so-widget-sow-editor-base">
<div class="siteorigin-widget-tinymce textwidget">
	<h1><span style="color: #009cd8">j<span style="color: #000000">DEG</span><span style="color: #ff0000">R</span>O zu Gast in </span>Marburg</h1>
</div>
</div></div><div class="so-panel widget widget_sow-editor panel-last-child" id="panel-1271-0-0-1" data-index="1"><div class="so-widget-sow-editor so-widget-sow-editor-base">
<div class="siteorigin-widget-tinymce textwidget">
	<h4><span style="color: #ff0000">Freitag, 06. November 2026 - Samstag, 07. November 2026</span></h4>
</div>
</div></div></div></div><div class="panel-grid" id="pg-1271-1" ><div class="panel-grid-cell" id="pgc-1271-1-0" ><div class="so-panel widget widget_sow-editor panel-first-child panel-last-child" id="panel-1271-1-0-0" data-index="2"><div class="so-widget-sow-editor so-widget-sow-editor-base">
<div class="siteorigin-widget-tinymce textwidget">
	<p>Liebe Kolleginnen und Kollegen, liebe Interessierte, </p>
<p>als lokale Gastgeber und jDEGRO freuen wir uns sehr, euch zur nächsten "jDEGRO zu Gast" - Veranstaltung zum Thema "<strong>Hypofraktionierung in der modernen Radioonkologie</strong>" am <span style="color: #ff0000">6. und 7. November 2026</span> nach Marburg einladen zu dürfen. Wir freuen uns darauf, uns mit euch fachlich auszutauschen und aktiv die neuesten Entwicklungen unserer klinischen Standards zu diskutieren. </p>
<p>Hypofraktionierung ist in vielen Indikationen längst in der Routine angekommen und gewinnt durch technische Innovationen (u.a. IMRT/ VMAT, IGRT, Motion-Management, adaptive Konzepte) weiter an Bedeutung. In der Fortbildung möchten wir gemeinsam beleuchten, wann Hypofraktionierung sinnvoll ist, wo ihre Grenzen liegen und welche radiobiologischen, klinischen und organisatorischen Aspekte für eine sichere und wirksame Umsetzung entscheidend sind. Dabei sollen sowohl etablierte Standards als auch aktuelle Entwicklungen und offene Fragen diskutiert werden. </p>
<p>Neben den Vorträgen erfahrener Referierender planen wir auch eine Führung durch das Marburger Ionenstrahl-Therapiezentrum sowie einen spannenden Impulsvortrag zum Thema Burnout und Arbeitsbelastung in der Onkologie im Allgemeinen. </p>
<p>Die AG-Sitzungen der jDEGRO finden, wie gewohnt, ebenfalls am zweiten Tag der Veranstaltung statt. Wir freuen uns auf eure Teilnahme und bitten euch im Sinne der besseren Planbarkeit, euch bis zum<strong> 15.10.2026</strong> anzumelden. Ein vorläufiges Programm sowie weitere Informationen zu Anreise, Übernachtungsmöglichkeiten und Abendprogramm folgen zeitnah. </p>
<p><strong>Bis bald in Marburg!</strong></p>
</div>
</div></div></div></div><div class="panel-grid" id="pg-1271-2" ><div class="panel-grid-cell panel-grid-cell-empty" id="pgc-1271-2-0" ></div></div><div class="panel-grid" id="pg-1271-3" ><div class="panel-grid-cell" id="pgc-1271-3-0" ><div class="so-panel widget widget_sow-editor panel-first-child" id="panel-1271-3-0-0" data-index="3"><div class="so-widget-sow-editor so-widget-sow-editor-base">
<div class="siteorigin-widget-tinymce textwidget">
	<h2 style="text-align: center">Nächste jDEGRO zu Gast Veranstaltung:<br />
<strong>Freitag, den 06. -07. November 2026<br />
in Marburg</strong></h2>
</div>
</div></div><div class="so-panel widget widget_sow-image" id="panel-1271-3-0-1" data-index="4"><div class="so-widget-sow-image so-widget-sow-image-default-3f547a15eaaa">

<div class="sow-image-container">
	<img src="https://www.degro.org/jd/wp-content/uploads/sites/8/2026/03/jdegro-zu-Gast-Marburg-Nov26.jpg" width="1415" height="794" srcset="https://www.degro.org/jd/wp-content/uploads/sites/8/2026/03/jdegro-zu-Gast-Marburg-Nov26.jpg 1415w, https://www.degro.org/jd/wp-content/uploads/sites/8/2026/03/jdegro-zu-Gast-Marburg-Nov26-300x168.jpg 300w, https://www.degro.org/jd/wp-content/uploads/sites/8/2026/03/jdegro-zu-Gast-Marburg-Nov26-1024x575.jpg 1024w, https://www.degro.org/jd/wp-content/uploads/sites/8/2026/03/jdegro-zu-Gast-Marburg-Nov26-768x431.jpg 768w" title="jdegro zu Gast Marburg Nov26"  class="so-widget-image"/>
</div>

</div></div><div class="so-panel widget widget_countdown-box panel-last-child" id="panel-1271-3-0-2" data-index="5"><div class="thim-widget-countdown-box thim-widget-countdown-box-base"><div class="text-center color-black" id="coming-soon-counter69f1a3b8439dc"></div><script type="text/javascript">
jQuery(function () {
	jQuery(document).ready(function () {
		jQuery("#coming-soon-counter69f1a3b8439dc").mbComingsoon({
			expiryDate  : new Date(2026,10,6,11),
			localization: {
				days   : "Tage",
				hours  : "Stunden",
				minutes: "minutes",
				seconds: "seconds"
			},
			speed       : 100
		});
		setTimeout(function () {
			jQuery(window).resize();
		}, 200);
	});
});
</script></div></div></div></div><div class="panel-grid" id="pg-1271-4" ><div class="panel-grid-cell" id="pgc-1271-4-0" ><div class="so-panel widget widget_icon-box panel-first-child panel-last-child" id="panel-1271-4-0-0" data-index="6"><div class="thim-widget-icon-box thim-widget-icon-box-base"><div class="wrapper-box-icon text-center  " ><div class="smicon-box iconbox-top"><div class="boxes-icon" style="border-color:#009cd8;width: 100px;height: 100px;"><a class="icon-box-link" href="https://mitglieder.degro.org/anmeldungags.jsp?sid=34078" style="color: #009cd8;"><span class="inner-icon"><span class="icon"><i class="fa fa-sign-out" style="color:#009cd8; font-size:50px; line-height:50px; vertical-align: middle;"></i></span></span></a></div><div class="content-inner" ><div class="sc-heading article_heading"><h3 class = "heading__primary" style="color: #009cd8;"><a class="icon-box-link" href="https://mitglieder.degro.org/anmeldungags.jsp?sid=34078" style="color: #009cd8;">Anmeldung zur jDEGRO zu Gast in Marburg</a></h3></div><div class="desc-icon-box"><p style="color: #000000;font-size: 14px;line-height: 21px;"><a class="icon-box-link" href="https://mitglieder.degro.org/anmeldungags.jsp?sid=34078" style="color: #009cd8;">Anmeldeschluss: 15. Oktober 2026</a></p></div></div></div><!--end smicon-box--></div></div></div></div><div class="panel-grid-cell" id="pgc-1271-4-1" ><div class="so-panel widget widget_icon-box panel-first-child panel-last-child" id="panel-1271-4-1-0" data-index="7"><div class="thim-widget-icon-box thim-widget-icon-box-base"><div class="wrapper-box-icon text-center  " ><div class="smicon-box iconbox-top"><div class="boxes-icon" style="border-color:#009cd8;width: 100px;height: 100px;"><a class="icon-box-link" href="https://www.degro.org/jd/wp-content/uploads/sites/8/2026/03/jDEGRO-Marburg-2026.pdf" style="color: #009cd8;"><span class="inner-icon"><span class="icon"><i class="fa fa-download" style="color:#009cd8; font-size:50px; line-height:50px; vertical-align: middle;"></i></span></span></a></div><div class="content-inner" ><div class="sc-heading article_heading"><h3 class = "heading__primary" style="color: #009cd8;"><a class="icon-box-link" href="https://www.degro.org/jd/wp-content/uploads/sites/8/2026/03/jDEGRO-Marburg-2026.pdf" style="color: #009cd8;">Programm </a></h3></div><div class="desc-icon-box"><p style="color: #000000;font-size: 14px;line-height: 21px;"><a class="icon-box-link" href="https://www.degro.org/jd/wp-content/uploads/sites/8/2026/03/jDEGRO-Marburg-2026.pdf" style="color: #009cd8;">Hier finden Sie das Programm zu der Veranstaltung</a></p></div></div></div><!--end smicon-box--></div></div></div></div></div></div>
