


{"id":25,"date":"2018-08-27T10:37:56","date_gmt":"2018-08-27T08:37:56","guid":{"rendered":"https:\/\/www.degro.org\/gutartige-erkrankungen\/?page_id=25"},"modified":"2023-02-28T15:10:07","modified_gmt":"2023-02-28T14:10:07","slug":"ueber-uns","status":"publish","type":"page","link":"https:\/\/www.degro.org\/gutartige-erkrankungen\/","title":{"rendered":"\u00dcber uns"},"content":{"rendered":"<div id=\"pl-25\"><style scoped>#pg-25-0 .panel-grid-cell { float:none } #pl-25 .panel-grid-cell .so-panel { margin-bottom:30px } #pl-25 .panel-grid-cell .so-panel:last-child { margin-bottom:0px } #pg-25-0 { margin-left:-15px;margin-right:-15px } #pg-25-0 .panel-grid-cell { padding-left:15px;padding-right:15px } @media (max-width:780px){ #pg-25-0 .panel-grid-cell { float:none;width:auto } #pl-25 .panel-grid , #pl-25 .panel-grid-cell {  } #pl-25 .panel-grid .panel-grid-cell-empty { display:none } #pl-25 .panel-grid .panel-grid-cell-mobile-last { margin-bottom:0px }  } <\/style><div class=\"panel-grid\" id=\"pg-25-0\" ><div class=\"panel-grid-cell\" id=\"pgc-25-0-0\" ><div class=\"so-panel widget widget_sow-editor panel-first-child panel-last-child\" id=\"panel-25-0-0-0\" data-index=\"0\"><div class=\"so-widget-sow-editor so-widget-sow-editor-base\">\n<div class=\"siteorigin-widget-tinymce textwidget\">\n\t<h2>Herzlich Willkommen auf der Webseite der Arbeitsgruppe Gutartige Erkrankungen<\/h2>\n<p>Die Arbeitsgruppe der Deutschen Gesellschaft f\u00fcr Radioonkologie (DEGRO) wird von Herrn PD Dr. med. Jan Kriz, Klinik f\u00fcr Strahlentherapie und Radioonkologie des Clemenshospitals M\u00fcnster, sowie Herrn Prof. Dr. med. Oliver Micke, Klinik f\u00fcr Strahlentherapie und Radioonkologie am Franziskus Hospital in Bielefeld geleitet.<\/p>\n<h4>Aufgaben und Ziele der Arbeitsgruppe:<\/h4>\n<ul>\n<li>Erstellung bzw. \u00dcberarbeitung von Leitlinien f\u00fcr die DEGRO<\/li>\n<li>Vertretung der DEGRO in den jeweils relevanten Fachgesellschaften als strahlentherapeutischer Ansprechpartner und die \u00dcbernahme von Referaten auf Fachkongressen bzw. die Teilnahme an den Veranstaltungen der jeweiligen Fachgesellschaft.<\/li>\n<li>Abgabe einer fachkompetenten Meinung zu jeweils relevanten wissenschaftlichen Studien sowohl aus anderen Fachgesellschaften als auch aus der DEGRO<\/li>\n<\/ul>\n<h4>Arbeitsschwerpunkte:<\/h4>\n<ul>\n<li>Durchf\u00fchrung von randomisierten Studien und translationalen Begleitprogrammen wie Immunph\u00e4notypisierungen<\/li>\n<li>Durchf\u00fchrung von klinischen Qualit\u00e4tskontrollen<\/li>\n<li>Ermittlung des Sekund\u00e4rmalignomrisikos nach niedrigdosierter Bestrahlung mit Hilfe reeller epidemiologischer Daten<\/li>\n<li>Duchf\u00fchrung von Fortbildungsveranstaltungen<\/li>\n<li>Second Opinion bei schwierigen F\u00e4llen<\/li>\n<li><a href=\"https:\/\/www.degro.org\/gutartige-erkrankungen\/register-seltene-gutartige-erkrankungen\/\">Register Seltene Gutartige Erkrankungen<\/a><\/li>\n<\/ul>\n<\/div>\n<\/div><\/div><\/div><\/div><\/div>","protected":false},"excerpt":{"rendered":"<p>#pg-25-0 .panel-grid-cell { float:none } #pl-25 .panel-grid-cell .so-panel { margin-bottom:30px } #pl-25 .panel-grid-cell .so-panel:last-child { margin-bottom:0px } #pg-25-0 { margin-left:-15px;margin-right:-15px } #pg-25-0 .panel-grid-cell { padding-left:15px;padding-right:15px } @media (max-width:780px){ #pg-25-0 .panel-grid-cell { float:none;width:auto } #pl-25 .panel-grid , #pl-25 .panel-grid-cell {  <\/p>\n","protected":false},"author":8,"featured_media":0,"parent":0,"menu_order":0,"comment_status":"closed","ping_status":"closed","template":"","meta":[],"_links":{"self":[{"href":"https:\/\/www.degro.org\/gutartige-erkrankungen\/wp-json\/wp\/v2\/pages\/25"}],"collection":[{"href":"https:\/\/www.degro.org\/gutartige-erkrankungen\/wp-json\/wp\/v2\/pages"}],"about":[{"href":"https:\/\/www.degro.org\/gutartige-erkrankungen\/wp-json\/wp\/v2\/types\/page"}],"author":[{"embeddable":true,"href":"https:\/\/www.degro.org\/gutartige-erkrankungen\/wp-json\/wp\/v2\/users\/8"}],"replies":[{"embeddable":true,"href":"https:\/\/www.degro.org\/gutartige-erkrankungen\/wp-json\/wp\/v2\/comments?post=25"}],"version-history":[{"count":9,"href":"https:\/\/www.degro.org\/gutartige-erkrankungen\/wp-json\/wp\/v2\/pages\/25\/revisions"}],"predecessor-version":[{"id":325,"href":"https:\/\/www.degro.org\/gutartige-erkrankungen\/wp-json\/wp\/v2\/pages\/25\/revisions\/325"}],"wp:attachment":[{"href":"https:\/\/www.degro.org\/gutartige-erkrankungen\/wp-json\/wp\/v2\/media?parent=25"}],"curies":[{"name":"wp","href":"https:\/\/api.w.org\/{rel}","templated":true}]}}

Über uns

<div id="pl-25"><style scoped>#pg-25-0 .panel-grid-cell { float:none } #pl-25 .panel-grid-cell .so-panel { margin-bottom:30px } #pl-25 .panel-grid-cell .so-panel:last-child { margin-bottom:0px } #pg-25-0 { margin-left:-15px;margin-right:-15px } #pg-25-0 .panel-grid-cell { padding-left:15px;padding-right:15px } @media (max-width:780px){ #pg-25-0 .panel-grid-cell { float:none;width:auto } #pl-25 .panel-grid , #pl-25 .panel-grid-cell {  } #pl-25 .panel-grid .panel-grid-cell-empty { display:none } #pl-25 .panel-grid .panel-grid-cell-mobile-last { margin-bottom:0px }  } </style><div class="panel-grid" id="pg-25-0" ><div class="panel-grid-cell" id="pgc-25-0-0" ><div class="so-panel widget widget_sow-editor panel-first-child panel-last-child" id="panel-25-0-0-0" data-index="0"><div class="so-widget-sow-editor so-widget-sow-editor-base">
<div class="siteorigin-widget-tinymce textwidget">
	<h2>Herzlich Willkommen auf der Webseite der Arbeitsgruppe Gutartige Erkrankungen</h2>
<p>Die Arbeitsgruppe der Deutschen Gesellschaft für Radioonkologie (DEGRO) wird von Herrn PD Dr. med. Jan Kriz, Klinik für Strahlentherapie und Radioonkologie des Clemenshospitals Münster, sowie Herrn Prof. Dr. med. Oliver Micke, Klinik für Strahlentherapie und Radioonkologie am Franziskus Hospital in Bielefeld geleitet.</p>
<h4>Aufgaben und Ziele der Arbeitsgruppe:</h4>
<ul>
<li>Erstellung bzw. Überarbeitung von Leitlinien für die DEGRO</li>
<li>Vertretung der DEGRO in den jeweils relevanten Fachgesellschaften als strahlentherapeutischer Ansprechpartner und die Übernahme von Referaten auf Fachkongressen bzw. die Teilnahme an den Veranstaltungen der jeweiligen Fachgesellschaft.</li>
<li>Abgabe einer fachkompetenten Meinung zu jeweils relevanten wissenschaftlichen Studien sowohl aus anderen Fachgesellschaften als auch aus der DEGRO</li>
</ul>
<h4>Arbeitsschwerpunkte:</h4>
<ul>
<li>Durchführung von randomisierten Studien und translationalen Begleitprogrammen wie Immunphänotypisierungen</li>
<li>Durchführung von klinischen Qualitätskontrollen</li>
<li>Ermittlung des Sekundärmalignomrisikos nach niedrigdosierter Bestrahlung mit Hilfe reeller epidemiologischer Daten</li>
<li>Duchführung von Fortbildungsveranstaltungen</li>
<li>Second Opinion bei schwierigen Fällen</li>
<li><a href="https://www.degro.org/gutartige-erkrankungen/register-seltene-gutartige-erkrankungen/">Register Seltene Gutartige Erkrankungen</a></li>
</ul>
</div>
</div></div></div></div></div>
