


{"id":124,"date":"2018-08-27T14:18:37","date_gmt":"2018-08-27T12:18:37","guid":{"rendered":"https:\/\/www.degro.org\/gutartige-erkrankungen\/?page_id=124"},"modified":"2026-03-25T15:38:04","modified_gmt":"2026-03-25T14:38:04","slug":"aktivitaeten","status":"publish","type":"page","link":"https:\/\/www.degro.org\/gutartige-erkrankungen\/aktivitaeten\/","title":{"rendered":"Aktivit\u00e4ten"},"content":{"rendered":"<div id=\"pl-124\"><style scoped>#pg-124-0 , #pg-124-1 , #pg-124-2 , #pl-124 .panel-grid-cell .so-panel { margin-bottom:30px } #pg-124-0 .panel-grid-cell , #pg-124-1 .panel-grid-cell , #pg-124-2 .panel-grid-cell , #pg-124-3 .panel-grid-cell { float:none } #pl-124 .panel-grid-cell .so-panel:last-child { margin-bottom:0px } #pg-124-0 , #pg-124-1 , #pg-124-2 , #pg-124-3 { margin-left:-15px;margin-right:-15px } #pg-124-0 .panel-grid-cell , #pg-124-1 .panel-grid-cell , #pg-124-2 .panel-grid-cell , #pg-124-3 .panel-grid-cell { padding-left:15px;padding-right:15px } @media (max-width:780px){ #pg-124-0 .panel-grid-cell , #pg-124-1 .panel-grid-cell , #pg-124-2 .panel-grid-cell , #pg-124-3 .panel-grid-cell { float:none;width:auto } #pl-124 .panel-grid , #pl-124 .panel-grid-cell {  } #pl-124 .panel-grid .panel-grid-cell-empty { display:none } #pl-124 .panel-grid .panel-grid-cell-mobile-last { margin-bottom:0px }  } <\/style><div class=\"panel-grid\" id=\"pg-124-0\" ><div class=\"panel-grid-cell\" id=\"pgc-124-0-0\" ><div class=\"so-panel widget widget_heading panel-first-child\" id=\"panel-124-0-0-0\" data-index=\"0\"><div class=\"thim-widget-heading thim-widget-heading-base\"><div class=\"sc_heading text-left\"><h3 class=\"title\">Leitlinienkommission<\/h3><span class=\"line\"><\/span><\/div><\/div><\/div><div class=\"so-panel widget widget_sow-editor panel-last-child\" id=\"panel-124-0-0-1\" data-index=\"1\"><div class=\"so-widget-sow-editor so-widget-sow-editor-base\">\n<div class=\"siteorigin-widget-tinymce textwidget\">\n\t<p>Entwicklung einer Leitlinie zur Strahlentherapie gutartiger Erkrankungen:<\/p>\n<ul>\n<li><a href=\"https:\/\/www.degro.org\/gutartige-erkrankungen\/wp-content\/uploads\/sites\/14\/2026\/03\/VF-S2e-Leitlinie-Strahlentherapie-gutartiger-Erkrankungen-Version-3.0-fr.pdf\">S-2-Guideline - Radioth\u00e9rapie des pathologies b\u00e9nignes: Seconde \u00e9dition des recommandations de bonnes practiqe cliniques bas\u00e9es sur le preuves de la Soci\u00e9t\u00e9 allemande de radioth\u00e9rapie-oncologie (DEGRO) French Version<\/a> (November 2022)<\/li>\n<li><a href=\"https:\/\/www.degro.org\/gutartige-erkrankungen\/wp-content\/uploads\/sites\/14\/2025\/04\/Guia-S2e-Radioterapia-de-enfermedades-benignas-Version-3.0S.pdf\">S-2 Guideline - Gu\u00eda S2e basada en evidencia del grupo de trabajo espec\u00edfico de la sociedad Alemana de Radiooncolog\u00eda (DEGRO) Spanish Version<\/a> (November 2022)<\/li>\n<li><a href=\"https:\/\/www.degro.org\/gutartige-erkrankungen\/wp-content\/uploads\/sites\/14\/2024\/09\/S-2e-Guideline-Radiotherapy-of-Benign-Diseases-Englisch.pdf\">S-2 Guideline - Radiotherapy of Benign Diseases Englisch Version<\/a> (November 2022)<\/li>\n<li><a href=\"https:\/\/www.degro.org\/gutartige-erkrankungen\/wp-content\/uploads\/sites\/14\/2023\/10\/Leitlinie-20221130-Strahlentherapie-gutartiger-Erkrankungen-Version-3.0.pdf\">S-2 Leitlinien Strahlentherapie bei Gutartigen Erkrankungen<\/a> (Stand November 2022)<\/li>\n<li><a href=\"https:\/\/www.degro.org\/gutartige-erkrankungen\/wp-content\/uploads\/sites\/14\/2023\/10\/Leitlinie-20221130-Tabelle.pdf\">\u00dcbersicht \u00fcber die Indikationen, Bestrahlungsdosierungen, Evidenzlevel und Empfehlungsgrade<\/a><\/li>\n<\/ul>\n<\/div>\n<\/div><\/div><\/div><\/div><div class=\"panel-grid\" id=\"pg-124-1\" ><div class=\"panel-grid-cell\" id=\"pgc-124-1-0\" ><div class=\"so-panel widget widget_heading panel-first-child\" id=\"panel-124-1-0-0\" data-index=\"2\"><div class=\"thim-widget-heading thim-widget-heading-base\"><div class=\"sc_heading text-left\"><h3 class=\"title\">Veranstaltungen<\/h3><span class=\"line\"><\/span><\/div><\/div><\/div><div class=\"so-panel widget widget_sow-editor\" id=\"panel-124-1-0-1\" data-index=\"3\"><div class=\"so-widget-sow-editor so-widget-sow-editor-base\"><h3 class=\"widget-title\">R\u00fcckblick auf den 29. Jahreskongress der DEGRO in 2023<\/h3>\n<div class=\"siteorigin-widget-tinymce textwidget\">\n\t<p>Der 29. Jahreskongress der DEGRO fand vom <strong>22. bis 24. Juni 2023 <\/strong>in Kassel statt.<br \/>\nN\u00e4here Informationen sowie Zugriff auf die Mediethek mit ausgew\u00e4hlten Vortr\u00e4gen k\u00f6nnen Sie der <a href=\"https:\/\/www.degro-kongress.org\/\" target=\"_blank\" rel=\"noopener\">Kongress-Webseite<\/a> entnehmen.<\/p>\n<p>\u00a0<\/p>\n<\/div>\n<\/div><\/div><div class=\"so-panel widget widget_sow-editor\" id=\"panel-124-1-0-2\" data-index=\"4\"><div class=\"so-widget-sow-editor so-widget-sow-editor-base\">\n<div class=\"siteorigin-widget-tinymce textwidget\">\n\t<p>___________________________________________________________<\/p>\n<\/div>\n<\/div><\/div><div class=\"so-panel widget widget_sow-editor\" id=\"panel-124-1-0-3\" data-index=\"5\"><div class=\"so-widget-sow-editor so-widget-sow-editor-base\"><h3 class=\"widget-title\">Benign Reloaded 5 - M\u00fcnster 2022<\/h3>\n<div class=\"siteorigin-widget-tinymce textwidget\">\n\t<p>BENIGN RELOADED ist wieder aufgeladen, hellwach und l\u00e4dt Sie wieder ein: nach pandemiebedingter, mehrj\u00e4hriger Pause freuen wir uns darauf, Sie dieses Jahr wieder in M\u00fcnster begr\u00fc\u00dfen zu d\u00fcrfen.<\/p>\n<p>In diesem Jahr m\u00f6chten wir Ihnen neben aktuellen Vortr\u00e4gen aus den Bereichen Klinik, Physik und Biologie zun\u00e4chst einen R\u00fcckblick geben auf das 25-j\u00e4hrige Bestehen der DEGRO-Arbeitsgemeinschaft \u201eGutartige Erkrankungen\u201c, um danach unseren Blick nach vorne zu lenken und einen Ausblick auf die Zukunft der Radiotherapie benigner Erkrankungen im n\u00e4chsten Vierteljahrhundert zu wagen.<\/p>\n<p>Unser Symposium findet in den historischen R\u00e4umlichkeiten des M\u00fchlenhofs statt, welcher in attraktiver Lage zum m\u00fcnsterischen Aasee und Zoo gelegen ist. Wir freuen uns Sie m\u00f6glichst zahlreich am 19.11.2022 in M\u00fcnster begr\u00fc\u00dfen zu d\u00fcrfen und w\u00fcnschen eine gute Anreise.<\/p>\n<p>N\u00e4here Informationen k\u00f6nnen Sie dem <a href=\"https:\/\/www.clemenshospital.de\/fileadmin\/user_upload\/Muenster-Misericordia\/Clemenshospital\/Termine\/Faltblatt_BenignReloaded_5_2022_fin.pdf\" target=\"_blank\" rel=\"noopener\">Programmfyler<\/a> entnehmen.<\/p>\n<p>\u00a0<\/p>\n<\/div>\n<\/div><\/div><div class=\"so-panel widget widget_sow-editor panel-last-child\" id=\"panel-124-1-0-4\" data-index=\"6\"><div class=\"so-widget-sow-editor so-widget-sow-editor-base\">\n<div class=\"siteorigin-widget-tinymce textwidget\">\n\t<p>_____________________________________________<\/p>\n<\/div>\n<\/div><\/div><\/div><\/div><div class=\"panel-grid\" id=\"pg-124-2\" ><div class=\"panel-grid-cell\" id=\"pgc-124-2-0\" ><div class=\"so-panel widget widget_heading panel-first-child\" id=\"panel-124-2-0-0\" data-index=\"7\"><div class=\"thim-widget-heading thim-widget-heading-base\"><div class=\"sc_heading text-left\"><h3 class=\"title\">Benign Reloaded 4 - Bad Kreuznach 2018<\/h3><span class=\"line\"><\/span><\/div><\/div><\/div><div class=\"so-panel widget widget_sow-editor\" id=\"panel-124-2-0-1\" data-index=\"8\"><div class=\"so-widget-sow-editor so-widget-sow-editor-base\">\n<div class=\"siteorigin-widget-tinymce textwidget\">\n\t<p>Nach dem letzten Symposium 2016 in Herne m\u00f6chten wir das traditionelle \u201eEssener\u201c Symposium nun wieder in den S\u00fcden Deutschlands holen. Unver\u00e4ndert besteht ein gro\u00dfes Interesse an der Strahlentherapie gutartiger Erkrankungen, zumal auch durch die immer \u00e4lter werdende Bev\u00f6lkerung in Deutschland die Anzahl der mit diesen Indikationen zu behandelnden Patienten stetig zunimmt. Referenten, die sich seit vielen Jahren intensiv wissenschaftlich mit speziellen Themen diesbez\u00fcglich auseinandergesetzt haben, standen\u00a0 am 22.09.2018 in Bad Kreuznach \u00fcber 100 Teilnehmern Rede und Antwort.<\/p>\n<p>Neben den Fachvortr\u00e4gen stand vor allem der gemeinsame Austausch auf dem Programm. \u201eDie hohe Teilnehmerzahl best\u00e4tigt, dass ein sehr gro\u00dfes Interesse an der Behandlung gutartiger Erkrankungen mit der niedrig-dosierten Strahlentherapie besteht. Der Austausch behandelnder \u00c4rzte bedeutet f\u00fcr immer mehr betroffene Patienten die Chance auf eine effektive Therapie ihrer mitunter chronischen Schmerzen\u201c, so PD Dr. Ralph M\u00fccke, ltd. Facharzt der Strahlentherapie RheinMainNahe am Standort Bad Kreuznach und Mitorganisator des Symposiums.<\/p>\n<p><a href=\"https:\/\/www.degro.org\/gutartige-erkrankungen\/vortraege\/\"><strong>Zur den Vort\u00e4gen der Veranstaltung &gt;&gt;&gt;&gt;&gt;&gt;&gt;&gt;&gt;&gt;&gt;&gt;&gt;&gt;<\/strong><\/a><\/p>\n<\/div>\n<\/div><\/div><div class=\"so-panel widget widget_sow-image panel-last-child\" id=\"panel-124-2-0-2\" data-index=\"9\"><div class=\"so-widget-sow-image so-widget-sow-image-default-1c389ca87c1a\">\n\n<div class=\"sow-image-container\">\n\t<img src=\"https:\/\/www.degro.org\/gutartige-erkrankungen\/wp-content\/uploads\/sites\/14\/2018\/11\/BR_2018_K.jpg\" width=\"640\" height=\"389\" srcset=\"https:\/\/www.degro.org\/gutartige-erkrankungen\/wp-content\/uploads\/sites\/14\/2018\/11\/BR_2018_K.jpg 705w, https:\/\/www.degro.org\/gutartige-erkrankungen\/wp-content\/uploads\/sites\/14\/2018\/11\/BR_2018_K-300x183.jpg 300w\"  class=\"so-widget-image\"\/>\n<\/div>\n\n\t<h3 class=\"widget-title\"><\/h3><\/div><\/div><\/div><\/div><div class=\"panel-grid\" id=\"pg-124-3\" ><div class=\"panel-grid-cell panel-grid-cell-empty\" id=\"pgc-124-3-0\" ><\/div><\/div><\/div>","protected":false},"excerpt":{"rendered":"<p>#pg-124-0 , #pg-124-1 , #pg-124-2 , #pl-124 .panel-grid-cell .so-panel { margin-bottom:30px } #pg-124-0 .panel-grid-cell , #pg-124-1 .panel-grid-cell , #pg-124-2 .panel-grid-cell , #pg-124-3 .panel-grid-cell { float:none } #pl-124 .panel-grid-cell .so-panel:last-child { margin-bottom:0px } #pg-124-0 , #pg-124-1 , #pg-124-2 , #pg-124-3 { <\/p>\n","protected":false},"author":8,"featured_media":0,"parent":0,"menu_order":0,"comment_status":"closed","ping_status":"closed","template":"","meta":[],"_links":{"self":[{"href":"https:\/\/www.degro.org\/gutartige-erkrankungen\/wp-json\/wp\/v2\/pages\/124"}],"collection":[{"href":"https:\/\/www.degro.org\/gutartige-erkrankungen\/wp-json\/wp\/v2\/pages"}],"about":[{"href":"https:\/\/www.degro.org\/gutartige-erkrankungen\/wp-json\/wp\/v2\/types\/page"}],"author":[{"embeddable":true,"href":"https:\/\/www.degro.org\/gutartige-erkrankungen\/wp-json\/wp\/v2\/users\/8"}],"replies":[{"embeddable":true,"href":"https:\/\/www.degro.org\/gutartige-erkrankungen\/wp-json\/wp\/v2\/comments?post=124"}],"version-history":[{"count":6,"href":"https:\/\/www.degro.org\/gutartige-erkrankungen\/wp-json\/wp\/v2\/pages\/124\/revisions"}],"predecessor-version":[{"id":382,"href":"https:\/\/www.degro.org\/gutartige-erkrankungen\/wp-json\/wp\/v2\/pages\/124\/revisions\/382"}],"wp:attachment":[{"href":"https:\/\/www.degro.org\/gutartige-erkrankungen\/wp-json\/wp\/v2\/media?parent=124"}],"curies":[{"name":"wp","href":"https:\/\/api.w.org\/{rel}","templated":true}]}}