


{"id":2,"date":"2024-03-25T09:27:11","date_gmt":"2024-03-25T08:27:11","guid":{"rendered":"https:\/\/www.degro.org\/firo\/?page_id=2"},"modified":"2026-01-08T15:20:35","modified_gmt":"2026-01-08T14:20:35","slug":"ueber-uns","status":"publish","type":"page","link":"https:\/\/www.degro.org\/firo\/","title":{"rendered":"\u00dcber uns"},"content":{"rendered":"<div id=\"pl-2\"><style scoped>#pgc-2-0-0 { width:75% } #pgc-2-0-1 { width:25% } #pg-2-0 , #pg-2-1 , #pg-2-2 , #pl-2 .panel-grid-cell .so-panel { margin-bottom:30px } #pg-2-0 .panel-grid-cell { float:left } #pg-2-1 .panel-grid-cell , #pg-2-2 .panel-grid-cell , #pg-2-3 .panel-grid-cell { float:none } #pl-2 .panel-grid-cell .so-panel:last-child { margin-bottom:0px } #pg-2-0 , #pg-2-1 , #pg-2-2 , #pg-2-3 { margin-left:-15px;margin-right:-15px } #pg-2-0 .panel-grid-cell , #pg-2-1 .panel-grid-cell , #pg-2-2 .panel-grid-cell , #pg-2-3 .panel-grid-cell { padding-left:15px;padding-right:15px } @media (max-width:780px){ #pg-2-0 .panel-grid-cell , #pg-2-1 .panel-grid-cell , #pg-2-2 .panel-grid-cell , #pg-2-3 .panel-grid-cell { float:none;width:auto } #pgc-2-0-0 { margin-bottom:30px } #pl-2 .panel-grid , #pl-2 .panel-grid-cell {  } #pl-2 .panel-grid .panel-grid-cell-empty { display:none } #pl-2 .panel-grid .panel-grid-cell-mobile-last { margin-bottom:0px }  } <\/style><div class=\"panel-grid\" id=\"pg-2-0\" ><div class=\"panel-grid-cell\" id=\"pgc-2-0-0\" ><div class=\"so-panel widget widget_sow-editor panel-first-child panel-last-child\" id=\"panel-2-0-0-0\" data-index=\"0\"><div class=\"so-widget-sow-editor so-widget-sow-editor-base\"><h3 class=\"widget-title\">Frauen in der Radioonkologie (FiRO)<\/h3>\n<div class=\"siteorigin-widget-tinymce textwidget\">\n\t<p><span style=\"font-family: 'Calibri',sans-serif\">Hier soll ein Forum f\u00fcr Frauen- und Familienspezifische Themen geschaffen, Patientinnen-spezifische Problematiken angegangen und Daten generiert werden. Angebote f\u00fcr Vernetzung, F\u00f6rderung und Zusammenarbeit sowie Karriereplanung m\u00f6chten wir erarbeiten.<\/span><\/p>\n<\/div>\n<\/div><\/div><\/div><div class=\"panel-grid-cell\" id=\"pgc-2-0-1\" ><div class=\"so-panel widget widget_sow-image panel-first-child panel-last-child\" id=\"panel-2-0-1-0\" data-index=\"1\"><div class=\"so-widget-sow-image so-widget-sow-image-default-bc52321e3400\">\n\n<div class=\"sow-image-container\">\n\t<img src=\"https:\/\/www.degro.org\/firo\/wp-content\/uploads\/sites\/21\/2026\/01\/AG_FIRO_Logo-Kopie.png\" width=\"339\" height=\"336\" srcset=\"https:\/\/www.degro.org\/firo\/wp-content\/uploads\/sites\/21\/2026\/01\/AG_FIRO_Logo-Kopie.png 339w, https:\/\/www.degro.org\/firo\/wp-content\/uploads\/sites\/21\/2026\/01\/AG_FIRO_Logo-Kopie-300x297.png 300w, https:\/\/www.degro.org\/firo\/wp-content\/uploads\/sites\/21\/2026\/01\/AG_FIRO_Logo-Kopie-150x150.png 150w\" title=\"AG_FIRO_Logo Kopie\"  class=\"so-widget-image\"\/>\n<\/div>\n\n<\/div><\/div><\/div><\/div><div class=\"panel-grid\" id=\"pg-2-1\" ><div class=\"panel-grid-cell\" id=\"pgc-2-1-0\" ><div class=\"so-panel widget widget_sow-image panel-first-child panel-last-child\" id=\"panel-2-1-0-0\" data-index=\"2\"><div class=\"so-widget-sow-image so-widget-sow-image-default-3f547a15eaaa\">\n\n<div class=\"sow-image-container\">\n\t<img src=\"https:\/\/www.degro.org\/firo\/wp-content\/uploads\/sites\/21\/2025\/06\/DEGRO_2025_FiRO.jpg\" width=\"1986\" height=\"632\" srcset=\"https:\/\/www.degro.org\/firo\/wp-content\/uploads\/sites\/21\/2025\/06\/DEGRO_2025_FiRO.jpg 1986w, https:\/\/www.degro.org\/firo\/wp-content\/uploads\/sites\/21\/2025\/06\/DEGRO_2025_FiRO-300x95.jpg 300w, https:\/\/www.degro.org\/firo\/wp-content\/uploads\/sites\/21\/2025\/06\/DEGRO_2025_FiRO-1024x326.jpg 1024w, https:\/\/www.degro.org\/firo\/wp-content\/uploads\/sites\/21\/2025\/06\/DEGRO_2025_FiRO-768x244.jpg 768w, https:\/\/www.degro.org\/firo\/wp-content\/uploads\/sites\/21\/2025\/06\/DEGRO_2025_FiRO-1536x489.jpg 1536w\"  class=\"so-widget-image\"\/>\n<\/div>\n\n<\/div><\/div><\/div><\/div><div class=\"panel-grid\" id=\"pg-2-2\" ><div class=\"panel-grid-cell\" id=\"pgc-2-2-0\" ><div class=\"so-panel widget widget_sow-editor panel-first-child panel-last-child\" id=\"panel-2-2-0-0\" data-index=\"3\"><div class=\"so-widget-sow-editor so-widget-sow-editor-base\">\n<div class=\"siteorigin-widget-tinymce textwidget\">\n\t<p><strong>Unsere Ziele:<\/strong><\/p>\n<ul>\n<li>St\u00e4rkung von weiblichen Fachkr\u00e4ften: Die AG wird sich f\u00fcr die St\u00e4rkung der Rolle der Frauen in der Radioonkologie einsetzen, indem sie ihnen M\u00f6glichkeiten f\u00fcr F\u00fchrungstraining, Mentoring und berufliche Entwicklung bietet. Unser Ziel ist es, ihre F\u00e4higkeiten, ihr Selbstvertrauen und ihre Sichtbarkeit in diesem Bereich zu verbessern. Hierzu geh\u00f6rt auch die Unterst\u00fctzung von Familien in unserem Fachbereich.<\/li>\n<li>F\u00f6rderung der Geschlechtergleichstellung: Die AG wird sich aktiv f\u00fcr die Beseitigung geschlechtsspezifischer Ungleichheiten innerhalb der DEGRO und im breiteren Feld der Radioonkologie einsetzen.<\/li>\n<li>Vernetzung und Zusammenarbeit: Die AG wird die Vernetzung und Zusammenarbeit zwischen weiblichen Fachkr\u00e4ften in der Radioonkologie sowohl innerhalb der DEGRO als auch mit anderen nationalen und internationalen Organisationen f\u00f6rdern.<\/li>\n<li>Planung, Durchf\u00fchrung und Unterst\u00fctzung von wissenschaftlichen Initiativen in der Radioonkologie, welche die Verbesserung der Geschlechtergleichstellung zum Ziel haben. Hierzu geh\u00f6ren auch die Durchf\u00fchrung und Publikation eigener wissenschaftlicher Auswertungen, z.B. Umfrageergebnisse und prospektiver Studien.<\/li>\n<li>Sensibilisierung und \u00d6ffentlichkeitsarbeit: Die AG wird Initiativen ergreifen, um das Bewusstsein f\u00fcr die Herausforderungen, mit denen Frauen in der Radioonkologie konfrontiert sind, und f\u00fcr die Bedeutung der Gleichstellung der Geschlechter zu sch\u00e4rfen.<\/li>\n<li>Patientinnen im Fokus: Was ist anders, was ist gleich? Brauchen wir andere Konzepte \/ Therapieans\u00e4tze \/ Management f\u00fcr Frauen als Patientinnen in der Radioonkologie?<\/li>\n<\/ul>\n<p>Wenn Sie Interesse an der Mitarbeit in der AG haben, sprechen Sie uns\u00a0 jederzeit gerne an. Wir freuen uns auf zahlreiche Mitstreiterinnen.<\/p>\n<\/div>\n<\/div><\/div><\/div><\/div><div class=\"panel-grid\" id=\"pg-2-3\" ><div class=\"panel-grid-cell\" id=\"pgc-2-3-0\" ><div class=\"so-panel widget widget_lsow-team-members panel-first-child\" id=\"panel-2-3-0-0\" data-index=\"4\"><div class=\"so-widget-lsow-team-members so-widget-lsow-team-members-base\">\n\n\n\n\n<div class=\"lsow-team-members lsow-style2 lsow-container\">\n\n    \n        <div class=\"lsow-team-member-wrapper \">\n\n            <div class=\"lsow-team-member\">\n\n                <div class=\"lsow-image-wrapper\">\n\n                    <img width=\"150\" height=\"150\" src=\"https:\/\/www.degro.org\/firo\/wp-content\/uploads\/sites\/21\/2024\/04\/Trommer-150-150.jpg\" class=\"lsow-image full\" alt=\"\" loading=\"lazy\" \/>\n                    \n                <\/div>\n\n                <div class=\"lsow-team-member-text\">\n\n                    <h3 class=\"lsow-title\">Dr. med. Maike Trommer<\/h3>\n\n                    <div class=\"lsow-team-member-position\">\n\n                        Vorsitzende\n                    <\/div>\n\n                    <div class=\"lsow-team-member-details\">\n\n                        Klinik f\u00fcr Strahlentherapie und Radioonkologie | Universit\u00e4tsklinikum Bonn (A\u00f6R) | Geb\u00e4ude 55\/56, Venusberg-Campus 1 | 53127 Bonn | maike.trommer@ukbonn.de\n\n                    <\/div>\n\n                    \n                        \n<div class=\"lsow-social-wrap\">\n\n    <div class=\"lsow-social-list\">\n\n        \n    <\/div>\n\n<\/div>\n\n                    \n                <\/div>\n\n            <\/div>\n\n        <\/div>\n\n    \n<\/div><\/div><\/div><div class=\"so-panel widget widget_lsow-team-members panel-last-child\" id=\"panel-2-3-0-1\" data-index=\"5\"><div class=\"so-widget-lsow-team-members so-widget-lsow-team-members-base\">\n\n\n\n\n<div class=\"lsow-team-members lsow-style2 lsow-container\">\n\n    \n        <div class=\"lsow-team-member-wrapper \">\n\n            <div class=\"lsow-team-member\">\n\n                <div class=\"lsow-image-wrapper\">\n\n                    <img width=\"150\" height=\"150\" src=\"https:\/\/www.degro.org\/firo\/wp-content\/uploads\/sites\/21\/2024\/04\/Angela_Besserer_web.png\" class=\"lsow-image full\" alt=\"\" loading=\"lazy\" \/>\n                    \n                <\/div>\n\n                <div class=\"lsow-team-member-text\">\n\n                    <h3 class=\"lsow-title\">Dr. med. Angela Besserer<\/h3>\n\n                    <div class=\"lsow-team-member-position\">\n\n                        Stellv. Vorsitzende\n                    <\/div>\n\n                    <div class=\"lsow-team-member-details\">\n\n                        Klinikum Ernst von Bergmann | Klinik f\u00fcr Radioonkologie und Strahlentherapie, Brachytherapie | Charlottenstr. 72 | 14467 Potsdam | angela.besserer@klinikumevb.de\n                    <\/div>\n\n                    \n                        \n<div class=\"lsow-social-wrap\">\n\n    <div class=\"lsow-social-list\">\n\n        \n    <\/div>\n\n<\/div>\n\n                    \n                <\/div>\n\n            <\/div>\n\n        <\/div>\n\n    \n<\/div><\/div><\/div><\/div><\/div><\/div>","protected":false},"excerpt":{"rendered":"<p>#pgc-2-0-0 { width:75% } #pgc-2-0-1 { width:25% } #pg-2-0 , #pg-2-1 , #pg-2-2 , #pl-2 .panel-grid-cell .so-panel { margin-bottom:30px } #pg-2-0 .panel-grid-cell { float:left } #pg-2-1 .panel-grid-cell , #pg-2-2 .panel-grid-cell , #pg-2-3 .panel-grid-cell { float:none } #pl-2 .panel-grid-cell .so-panel:last-child { <\/p>\n","protected":false},"author":11,"featured_media":0,"parent":0,"menu_order":0,"comment_status":"closed","ping_status":"open","template":"","meta":[],"_links":{"self":[{"href":"https:\/\/www.degro.org\/firo\/wp-json\/wp\/v2\/pages\/2"}],"collection":[{"href":"https:\/\/www.degro.org\/firo\/wp-json\/wp\/v2\/pages"}],"about":[{"href":"https:\/\/www.degro.org\/firo\/wp-json\/wp\/v2\/types\/page"}],"author":[{"embeddable":true,"href":"https:\/\/www.degro.org\/firo\/wp-json\/wp\/v2\/users\/11"}],"replies":[{"embeddable":true,"href":"https:\/\/www.degro.org\/firo\/wp-json\/wp\/v2\/comments?post=2"}],"version-history":[{"count":13,"href":"https:\/\/www.degro.org\/firo\/wp-json\/wp\/v2\/pages\/2\/revisions"}],"predecessor-version":[{"id":269,"href":"https:\/\/www.degro.org\/firo\/wp-json\/wp\/v2\/pages\/2\/revisions\/269"}],"wp:attachment":[{"href":"https:\/\/www.degro.org\/firo\/wp-json\/wp\/v2\/media?parent=2"}],"curies":[{"name":"wp","href":"https:\/\/api.w.org\/{rel}","templated":true}]}}