


{"id":505,"date":"2018-10-30T13:08:01","date_gmt":"2018-10-30T12:08:01","guid":{"rendered":"https:\/\/www.degro.org\/club100\/?page_id=505"},"modified":"2021-11-04T15:54:16","modified_gmt":"2021-11-04T14:54:16","slug":"fortbildungsreise-nach-essen-und-lennep-oktober-2018","status":"publish","type":"page","link":"https:\/\/www.degro.org\/club100\/fortbildungsreise-nach-essen-und-lennep-oktober-2018\/","title":{"rendered":"Fortbildungsreise 2018"},"content":{"rendered":"<div id=\"pl-505\"><style scoped>#pg-505-0 , #pg-505-1 , #pl-505 .panel-grid-cell .so-panel { margin-bottom:30px } #pg-505-0 .panel-grid-cell { float:none } #pgc-505-1-0 , #pgc-505-1-1 , #pgc-505-1-2 , #pgc-505-2-0 , #pgc-505-2-1 , #pgc-505-2-2 { width:33.333% } #pg-505-1 .panel-grid-cell , #pg-505-2 .panel-grid-cell { float:left } #pl-505 .panel-grid-cell .so-panel:last-child { margin-bottom:0px } #pg-505-0 , #pg-505-1 , #pg-505-2 { margin-left:-15px;margin-right:-15px } #pg-505-0 .panel-grid-cell , #pg-505-1 .panel-grid-cell , #pg-505-2 .panel-grid-cell { padding-left:15px;padding-right:15px } @media (max-width:780px){ #pg-505-0 .panel-grid-cell , #pg-505-1 .panel-grid-cell , #pg-505-2 .panel-grid-cell { float:none;width:auto } #pgc-505-1-0 , #pgc-505-1-1 , #pgc-505-2-0 , #pgc-505-2-1 { margin-bottom:30px } #pl-505 .panel-grid , #pl-505 .panel-grid-cell {  } #pl-505 .panel-grid .panel-grid-cell-empty { display:none } #pl-505 .panel-grid .panel-grid-cell-mobile-last { margin-bottom:0px }  } <\/style><div class=\"panel-grid\" id=\"pg-505-0\" ><div class=\"panel-grid-cell\" id=\"pgc-505-0-0\" ><div class=\"so-panel widget widget_sow-editor panel-first-child panel-last-child\" id=\"panel-505-0-0-0\" data-index=\"0\"><div class=\"so-widget-sow-editor so-widget-sow-editor-base\"><h3 class=\"widget-title\">Fortbildungsreise nach Essen\/Lennep, 5.-6. Oktober 2018<\/h3>\n<div class=\"siteorigin-widget-tinymce textwidget\">\n\t<p>Am Freitagvormittag trafen sich insgesamt 18 Teilnehmerinnen und Teilnehmer unserer diesj\u00e4hrigen Fortbildungsreise um 11:30 Uhr am Haupteingang des Westdeutschen Protonen Zentrums in Essen (WPE), um dort an einer fachkundigen F\u00fchrung durch das Strahleninstitut teilzunehmen. Wir danken noch einmal besonders herzlich Frau Prof. Timmermann, die uns diesen Besuch erm\u00f6glicht hatte.<\/p>\n<p>Wir wurden von Frau Kind, Sekretariat Prof. Timmermann, sehr freundlich in Empfang genommen. Es folgte ein Vortrag \u00fcber die Grundlagen und Nutzen der Protonentherapie unter besonderer Ber\u00fccksichtigung dieser Strahlentherapie bei Kindern und Jugendlichen. Danach folgte eine fachkundige F\u00fchrung durch das WPE, insbesondere durch die Bestrahlungsr\u00e4ume, die Gantryanlage sowie die einzelnen Behandlungszimmer. Nach einem Mittagsimbiss wurden die Teilnehmerinnen und Teilnehmer in Kleingruppen eingeteilt, denen daraufhin erm\u00f6glicht wurde, nach Zustimmung der Patienten\/innen und deren Eltern direkt vom Schaltraum aus die Bestrahlung einer Patientin\/eines Patienten zu beobachten und Fragen an die behandlnden \u00c4rztinnen\/\u00c4rzte und MTRA's zu stellen.<\/p>\n<p>Dann erfolgte ein Wechsel hin zur medizinischen und physikalischen Therapieplanung. An jeder der einzelnen Stationen wurden die Teilnehmerinnen und Teilnehmer sach- und fachkundig informiert und hatten ausreichend Zeit, Fragen zu stellen.<\/p>\n<p>Nach Ende der Veranstaltung, ca. gegen 17:00 Uhr, bezog die Gruppe ihre Hotelzimmer im Central Hotel in Essen, von dort ging es gegen 19:00 Uhr zum gemeinsamen Abendessen ins Restaurant \"Dampfe\" nach Essen-Borbeck -\u00a0 ein gem\u00fctlicher Ausklang bei westf\u00e4lischen Spezialit\u00e4ten am Ende des ersten Tages.<\/p>\n<p>Am Stamstagmorgen hie\u00df es schon relativ fr\u00fch \"fr\u00fchst\u00fccken\", denn\u00a0 bereits vor 10:00 Uhr ging es mit \u00f6ffenltichen Verkehrsmitteln und teilweise auch mit eigenen Fahrzeugen vom Essener Hauptbahnhof nach Remscheid-Lennep ins R\u00f6ntgenmuseum. Dort begann nach Treffen um 11.00 Uhr eine fachkundige F\u00fchrung durch das R\u00f6ntgenmuseum mit Einblicken in das Leben und Wirken Wilhelm Conrad R\u00f6ntgens und seiner Zeit sowie der Entwicklung der Radiodiagnostik und Strahlentherapie bis in die Neuzeit.<\/p>\n<p>Um 14:00 Uhr versammelte sich die Gruppe zum gemeinsamen Mittagsimbiss im Versammlungsraum des R\u00f6ntgenmuseums \"Labor X\", um dort die gemeinsame Fortbildungsreise zu diskutieren sowie positive und auch ggf. negative Kritik an Ablauf und Planug zu besprechen.<\/p>\n<p>Gegen 15:30 Uhr wurden die Teilnehmer\/innen zur Heimreise verabschiedet.<\/p>\n<p>Insgesamt war die Reise auf gro\u00dfe Zustimmung gesto\u00dfen und hatte uns allen, auch den erfahrenen Radiotherapeuten, noch viele neue interessante wissenswerte Eindr\u00fccke erbracht.<\/p>\n<\/div>\n<\/div><\/div><\/div><\/div><div class=\"panel-grid\" id=\"pg-505-1\" ><div class=\"panel-grid-cell\" id=\"pgc-505-1-0\" ><div class=\"so-panel widget widget_sow-image panel-first-child panel-last-child\" id=\"panel-505-1-0-0\" data-index=\"1\"><div class=\"so-widget-sow-image so-widget-sow-image-default-3f547a15eaaa\">\n\n<div class=\"sow-image-container\">\n\t<img src=\"https:\/\/www.degro.org\/club100\/wp-content\/uploads\/sites\/9\/2018\/10\/IMG_5112.jpg\" width=\"2016\" height=\"1231\" srcset=\"https:\/\/www.degro.org\/club100\/wp-content\/uploads\/sites\/9\/2018\/10\/IMG_5112.jpg 2016w, https:\/\/www.degro.org\/club100\/wp-content\/uploads\/sites\/9\/2018\/10\/IMG_5112-300x183.jpg 300w, https:\/\/www.degro.org\/club100\/wp-content\/uploads\/sites\/9\/2018\/10\/IMG_5112-768x469.jpg 768w, https:\/\/www.degro.org\/club100\/wp-content\/uploads\/sites\/9\/2018\/10\/IMG_5112-1024x625.jpg 1024w\"  class=\"so-widget-image\"\/>\n<\/div>\n\n<\/div><\/div><\/div><div class=\"panel-grid-cell\" id=\"pgc-505-1-1\" ><div class=\"so-panel widget widget_sow-image panel-first-child panel-last-child\" id=\"panel-505-1-1-0\" data-index=\"2\"><div class=\"so-widget-sow-image so-widget-sow-image-default-3f547a15eaaa\">\n\n<div class=\"sow-image-container\">\n\t<img src=\"https:\/\/www.degro.org\/club100\/wp-content\/uploads\/sites\/9\/2018\/10\/IMG_5165.jpg\" width=\"1519\" height=\"840\" srcset=\"https:\/\/www.degro.org\/club100\/wp-content\/uploads\/sites\/9\/2018\/10\/IMG_5165.jpg 1519w, https:\/\/www.degro.org\/club100\/wp-content\/uploads\/sites\/9\/2018\/10\/IMG_5165-300x166.jpg 300w, https:\/\/www.degro.org\/club100\/wp-content\/uploads\/sites\/9\/2018\/10\/IMG_5165-768x425.jpg 768w, https:\/\/www.degro.org\/club100\/wp-content\/uploads\/sites\/9\/2018\/10\/IMG_5165-1024x566.jpg 1024w\"  class=\"so-widget-image\"\/>\n<\/div>\n\n<\/div><\/div><\/div><div class=\"panel-grid-cell\" id=\"pgc-505-1-2\" ><div class=\"so-panel widget widget_sow-image panel-first-child panel-last-child\" id=\"panel-505-1-2-0\" data-index=\"3\"><div class=\"so-widget-sow-image so-widget-sow-image-default-3f547a15eaaa\">\n\n<div class=\"sow-image-container\">\n\t<img src=\"https:\/\/www.degro.org\/club100\/wp-content\/uploads\/sites\/9\/2018\/10\/IMG_5217.jpg\" width=\"2016\" height=\"1512\" srcset=\"https:\/\/www.degro.org\/club100\/wp-content\/uploads\/sites\/9\/2018\/10\/IMG_5217.jpg 2016w, https:\/\/www.degro.org\/club100\/wp-content\/uploads\/sites\/9\/2018\/10\/IMG_5217-300x225.jpg 300w, https:\/\/www.degro.org\/club100\/wp-content\/uploads\/sites\/9\/2018\/10\/IMG_5217-768x576.jpg 768w, https:\/\/www.degro.org\/club100\/wp-content\/uploads\/sites\/9\/2018\/10\/IMG_5217-1024x768.jpg 1024w\"  class=\"so-widget-image\"\/>\n<\/div>\n\n<\/div><\/div><\/div><\/div><div class=\"panel-grid\" id=\"pg-505-2\" ><div class=\"panel-grid-cell\" id=\"pgc-505-2-0\" ><div class=\"so-panel widget widget_sow-image panel-first-child panel-last-child\" id=\"panel-505-2-0-0\" data-index=\"4\"><div class=\"so-widget-sow-image so-widget-sow-image-default-3f547a15eaaa\">\n\n<div class=\"sow-image-container\">\n\t<img src=\"https:\/\/www.degro.org\/club100\/wp-content\/uploads\/sites\/9\/2018\/10\/IMG_5239.jpg\" width=\"2016\" height=\"1512\" srcset=\"https:\/\/www.degro.org\/club100\/wp-content\/uploads\/sites\/9\/2018\/10\/IMG_5239.jpg 2016w, https:\/\/www.degro.org\/club100\/wp-content\/uploads\/sites\/9\/2018\/10\/IMG_5239-300x225.jpg 300w, https:\/\/www.degro.org\/club100\/wp-content\/uploads\/sites\/9\/2018\/10\/IMG_5239-768x576.jpg 768w, https:\/\/www.degro.org\/club100\/wp-content\/uploads\/sites\/9\/2018\/10\/IMG_5239-1024x768.jpg 1024w\"  class=\"so-widget-image\"\/>\n<\/div>\n\n<\/div><\/div><\/div><div class=\"panel-grid-cell\" id=\"pgc-505-2-1\" ><div class=\"so-panel widget widget_sow-image panel-first-child panel-last-child\" id=\"panel-505-2-1-0\" data-index=\"5\"><div class=\"so-widget-sow-image so-widget-sow-image-default-3f547a15eaaa\">\n\n<div class=\"sow-image-container\">\n\t<img src=\"https:\/\/www.degro.org\/club100\/wp-content\/uploads\/sites\/9\/2018\/10\/IMG_5237.jpg\" width=\"1871\" height=\"1307\" srcset=\"https:\/\/www.degro.org\/club100\/wp-content\/uploads\/sites\/9\/2018\/10\/IMG_5237.jpg 1871w, https:\/\/www.degro.org\/club100\/wp-content\/uploads\/sites\/9\/2018\/10\/IMG_5237-300x210.jpg 300w, https:\/\/www.degro.org\/club100\/wp-content\/uploads\/sites\/9\/2018\/10\/IMG_5237-768x536.jpg 768w, https:\/\/www.degro.org\/club100\/wp-content\/uploads\/sites\/9\/2018\/10\/IMG_5237-1024x715.jpg 1024w\"  class=\"so-widget-image\"\/>\n<\/div>\n\n<\/div><\/div><\/div><div class=\"panel-grid-cell\" id=\"pgc-505-2-2\" ><div class=\"so-panel widget widget_sow-image panel-first-child panel-last-child\" id=\"panel-505-2-2-0\" data-index=\"6\"><div class=\"so-widget-sow-image so-widget-sow-image-default-3f547a15eaaa\">\n\n<div class=\"sow-image-container\">\n\t<img src=\"https:\/\/www.degro.org\/club100\/wp-content\/uploads\/sites\/9\/2018\/10\/IMG_5222.jpg\" width=\"2016\" height=\"1512\" srcset=\"https:\/\/www.degro.org\/club100\/wp-content\/uploads\/sites\/9\/2018\/10\/IMG_5222.jpg 2016w, https:\/\/www.degro.org\/club100\/wp-content\/uploads\/sites\/9\/2018\/10\/IMG_5222-300x225.jpg 300w, https:\/\/www.degro.org\/club100\/wp-content\/uploads\/sites\/9\/2018\/10\/IMG_5222-768x576.jpg 768w, https:\/\/www.degro.org\/club100\/wp-content\/uploads\/sites\/9\/2018\/10\/IMG_5222-1024x768.jpg 1024w\"  class=\"so-widget-image\"\/>\n<\/div>\n\n<\/div><\/div><\/div><\/div><\/div>","protected":false},"excerpt":{"rendered":"<p>#pg-505-0 , #pg-505-1 , #pl-505 .panel-grid-cell .so-panel { margin-bottom:30px } #pg-505-0 .panel-grid-cell { float:none } #pgc-505-1-0 , #pgc-505-1-1 , #pgc-505-1-2 , #pgc-505-2-0 , #pgc-505-2-1 , #pgc-505-2-2 { width:33.333% } #pg-505-1 .panel-grid-cell , #pg-505-2 .panel-grid-cell { float:left } #pl-505 .panel-grid-cell .so-panel:last-child <\/p>\n","protected":false},"author":8,"featured_media":0,"parent":0,"menu_order":0,"comment_status":"closed","ping_status":"closed","template":"","meta":[],"_links":{"self":[{"href":"https:\/\/www.degro.org\/club100\/wp-json\/wp\/v2\/pages\/505"}],"collection":[{"href":"https:\/\/www.degro.org\/club100\/wp-json\/wp\/v2\/pages"}],"about":[{"href":"https:\/\/www.degro.org\/club100\/wp-json\/wp\/v2\/types\/page"}],"author":[{"embeddable":true,"href":"https:\/\/www.degro.org\/club100\/wp-json\/wp\/v2\/users\/8"}],"replies":[{"embeddable":true,"href":"https:\/\/www.degro.org\/club100\/wp-json\/wp\/v2\/comments?post=505"}],"version-history":[{"count":14,"href":"https:\/\/www.degro.org\/club100\/wp-json\/wp\/v2\/pages\/505\/revisions"}],"predecessor-version":[{"id":540,"href":"https:\/\/www.degro.org\/club100\/wp-json\/wp\/v2\/pages\/505\/revisions\/540"}],"wp:attachment":[{"href":"https:\/\/www.degro.org\/club100\/wp-json\/wp\/v2\/media?parent=505"}],"curies":[{"name":"wp","href":"https:\/\/api.w.org\/{rel}","templated":true}]}}