


{"id":479,"date":"2018-07-24T15:13:24","date_gmt":"2018-07-24T13:13:24","guid":{"rendered":"https:\/\/www.degro.org\/club100\/?page_id=479"},"modified":"2025-06-24T12:44:22","modified_gmt":"2025-06-24T10:44:22","slug":"reisekosten","status":"publish","type":"page","link":"https:\/\/www.degro.org\/club100\/reisekosten\/","title":{"rendered":"Reisekostenrichtlinie"},"content":{"rendered":"<div id=\"pl-479\"><style scoped>#pg-479-0 , #pl-479 .panel-grid-cell .so-panel { margin-bottom:30px } #pg-479-0 .panel-grid-cell { float:none } #pgc-479-1-0 , #pgc-479-1-1 , #pgc-479-1-2 , #pgc-479-1-3 { width:25% } #pg-479-1 .panel-grid-cell { float:left } #pl-479 .panel-grid-cell .so-panel:last-child { margin-bottom:0px } #pg-479-0 , #pg-479-1 { margin-left:-15px;margin-right:-15px } #pg-479-0 .panel-grid-cell , #pg-479-1 .panel-grid-cell { padding-left:15px;padding-right:15px } @media (max-width:780px){ #pg-479-0 .panel-grid-cell , #pg-479-1 .panel-grid-cell { float:none;width:auto } #pgc-479-1-0 , #pgc-479-1-1 , #pgc-479-1-2 { margin-bottom:30px } #pl-479 .panel-grid , #pl-479 .panel-grid-cell {  } #pl-479 .panel-grid .panel-grid-cell-empty { display:none } #pl-479 .panel-grid .panel-grid-cell-mobile-last { margin-bottom:0px }  } <\/style><div class=\"panel-grid\" id=\"pg-479-0\" ><div class=\"panel-grid-cell\" id=\"pgc-479-0-0\" ><div class=\"so-panel widget widget_sow-editor panel-first-child panel-last-child\" id=\"panel-479-0-0-0\" data-index=\"0\"><div class=\"so-widget-sow-editor so-widget-sow-editor-base\">\n<div class=\"siteorigin-widget-tinymce textwidget\">\n\t<h4>F\u00fcr die Teilnahme am Patenschaftsprogramm, Fortbildungsreisen und sonstigen Weiterbildungsveranstaltungen gelten die allgemeinen Richtlinien der Reisekostenerstattung wie folgt:<\/h4>\n<ul>\n<li>\u00dcbernachtungskosten bis max. \u20ac67,\u2013\/Nacht, max. 3 N\u00e4chte<\/li>\n<li>Anreisekosten bis max. \u20ac99,\u2013 (Bus, Bahn, Flug, \u00d6PNV)<\/li>\n<li>bei Anreise mit PKW 0,30\/km, max. \u20ac99,\u2013<\/li>\n<\/ul>\n<h4>Zur Einreichung bitte folgende Punkte beachten:<\/h4>\n<ul>\n<li>Reisekostenabrechnungen sind <strong>zeitnah<\/strong> nach der Veranstaltung (max. 4 Wochen) einzureichen<\/li>\n<li>einzureichen sind das ausgef\u00fcllte und unterschrieben <a href=\"https:\/\/www.degro.org\/club100\/wp-content\/uploads\/sites\/9\/2025\/06\/Reisekostenformular-DEGRO-Club-100-Patenschaftsprogramm.pdf\" target=\"_blank\" rel=\"noopener\">Reisekostenformular<\/a> sowie alle Belege<\/li>\n<li>Zusendung\u00a0 via E-Mail an die DEGRO-Gesch\u00e4ftsstelle <a href=\"mailto:office@degro.org\">office@degro.org<\/a><\/li>\n<\/ul>\n<p>F\u00fcr R\u00fcckfragen steht Ihnen die DEGRO-Gesch\u00e4ftsstelle jederzeit gern via <a href=\"astrid.schoernig@degro.org\">E-Mail<\/a> oder Telefon unter 030\/844 191 88 zur Verf\u00fcgung.<\/p>\n<\/div>\n<\/div><\/div><\/div><\/div><div class=\"panel-grid\" id=\"pg-479-1\" ><div class=\"panel-grid-cell\" id=\"pgc-479-1-0\" ><div class=\"so-panel widget widget_sow-button panel-first-child panel-last-child\" id=\"panel-479-1-0-0\" data-index=\"1\"><div class=\"so-widget-sow-button so-widget-sow-button-atom-d0a8a77b6f79\"><div class=\"ow-button-base ow-button-align-center\">\n\n\t\t<a class=\"ow-button-hover\" href=\"https:\/\/www.degro.org\/club100\/wp-content\/uploads\/sites\/9\/2025\/06\/Reisekostenformular-DEGRO-Club-100-Patenschaftsprogramm.pdf\" >\n\t\t<span>\n\t\t\t<span class=\"sow-icon-fontawesome\" data-sow-icon=\"&#xf0ea;\" ><\/span>\n\t\t\tReisekostenformular\t\t<\/span>\n\t<\/a>\n<\/div>\n<\/div><\/div><\/div><div class=\"panel-grid-cell panel-grid-cell-empty\" id=\"pgc-479-1-1\" ><\/div><div class=\"panel-grid-cell panel-grid-cell-empty panel-grid-cell-mobile-last\" id=\"pgc-479-1-2\" ><\/div><div class=\"panel-grid-cell panel-grid-cell-empty\" id=\"pgc-479-1-3\" ><\/div><\/div><\/div>","protected":false},"excerpt":{"rendered":"<p>#pg-479-0 , #pl-479 .panel-grid-cell .so-panel { margin-bottom:30px } #pg-479-0 .panel-grid-cell { float:none } #pgc-479-1-0 , #pgc-479-1-1 , #pgc-479-1-2 , #pgc-479-1-3 { width:25% } #pg-479-1 .panel-grid-cell { float:left } #pl-479 .panel-grid-cell .so-panel:last-child { margin-bottom:0px } #pg-479-0 , #pg-479-1 { margin-left:-15px;margin-right:-15px } <\/p>\n","protected":false},"author":8,"featured_media":0,"parent":0,"menu_order":0,"comment_status":"closed","ping_status":"closed","template":"","meta":[],"_links":{"self":[{"href":"https:\/\/www.degro.org\/club100\/wp-json\/wp\/v2\/pages\/479"}],"collection":[{"href":"https:\/\/www.degro.org\/club100\/wp-json\/wp\/v2\/pages"}],"about":[{"href":"https:\/\/www.degro.org\/club100\/wp-json\/wp\/v2\/types\/page"}],"author":[{"embeddable":true,"href":"https:\/\/www.degro.org\/club100\/wp-json\/wp\/v2\/users\/8"}],"replies":[{"embeddable":true,"href":"https:\/\/www.degro.org\/club100\/wp-json\/wp\/v2\/comments?post=479"}],"version-history":[{"count":15,"href":"https:\/\/www.degro.org\/club100\/wp-json\/wp\/v2\/pages\/479\/revisions"}],"predecessor-version":[{"id":1252,"href":"https:\/\/www.degro.org\/club100\/wp-json\/wp\/v2\/pages\/479\/revisions\/1252"}],"wp:attachment":[{"href":"https:\/\/www.degro.org\/club100\/wp-json\/wp\/v2\/media?parent=479"}],"curies":[{"name":"wp","href":"https:\/\/api.w.org\/{rel}","templated":true}]}}