


{"id":1103,"date":"2023-11-09T15:02:41","date_gmt":"2023-11-09T14:02:41","guid":{"rendered":"https:\/\/www.degro.org\/club100\/?page_id=1103"},"modified":"2023-12-19T13:57:20","modified_gmt":"2023-12-19T12:57:20","slug":"fortbildungsreise-2023","status":"publish","type":"page","link":"https:\/\/www.degro.org\/club100\/fortbildungsreise-2023\/","title":{"rendered":"Fortbildungsreise 2023"},"content":{"rendered":"<div id=\"pl-1103\"><style scoped>#pg-1103-0 , #pl-1103 .panel-grid-cell .so-panel { margin-bottom:30px } #pg-1103-0 .panel-grid-cell { float:none } #pgc-1103-1-0 , #pgc-1103-1-1 , #pgc-1103-1-2 , #pgc-1103-1-3 , #pgc-1103-1-4 { width:20% } #pg-1103-1 .panel-grid-cell { float:left } #pl-1103 .panel-grid-cell .so-panel:last-child { margin-bottom:0px } #pg-1103-0 , #pg-1103-1 { margin-left:-15px;margin-right:-15px } #pg-1103-0 .panel-grid-cell , #pg-1103-1 .panel-grid-cell { padding-left:15px;padding-right:15px } @media (max-width:780px){ #pg-1103-0 .panel-grid-cell , #pg-1103-1 .panel-grid-cell { float:none;width:auto } #pgc-1103-1-0 , #pgc-1103-1-1 , #pgc-1103-1-2 , #pgc-1103-1-3 { margin-bottom:30px } #pl-1103 .panel-grid , #pl-1103 .panel-grid-cell {  } #pl-1103 .panel-grid .panel-grid-cell-empty { display:none } #pl-1103 .panel-grid .panel-grid-cell-mobile-last { margin-bottom:0px }  } <\/style><div class=\"panel-grid\" id=\"pg-1103-0\" ><div class=\"panel-grid-cell\" id=\"pgc-1103-0-0\" ><div class=\"so-panel widget widget_heading panel-first-child\" id=\"panel-1103-0-0-0\" data-index=\"0\"><div class=\"thim-widget-heading thim-widget-heading-base\"><div class=\"sc_heading text-left\"><h3 class=\"title\">Fortbildungsreise nach Darmstadt\/Wiesbaden am 13.-14. Oktober 2023<\/h3><span class=\"line\"><\/span><\/div><\/div><\/div><div class=\"so-panel widget widget_sow-editor panel-last-child\" id=\"panel-1103-0-0-1\" data-index=\"1\"><div class=\"so-widget-sow-editor so-widget-sow-editor-base\">\n<div class=\"siteorigin-widget-tinymce textwidget\">\n\t<p>Wir freuen uns dass es uns m\u00f6glich war auch in diesen Jahr unsere traditionelle Fortbildungreise anbieten zu k\u00f6nnen. In diesen Jahr ging unsere Reise nach Darmstadt und Wiesbaden.<\/p>\n<p>Am Freitagvormittag trafen sich die Teilnehmenden um 11:30 Uhr an der Pforte der <a href=\"http:\/\/www.gsi.de\">GSI<\/a> in Darmstadt. Das GSI Helmholtzzentrum f\u00fcr Schwerionenforschung in Darmstadt betreibt die gr\u00f6\u00dfte weltweit einmalige Beschleunigeranlage f\u00fcr Ionen. Forschende aus aller Welt nutzen die Anlage f\u00fcr Experimente, um neue Erkenntnisse \u00fcber den Aufbau der Materie und die Entwicklung des Universums zu gewinnen. Es folgte eine Campusf\u00fchrung mit allen wichtigen Stationen der \u00a0 Beschleunigeranlage, \u00a0 inklusive Elektronenspeicherring, \u00a0 Ionenquellen und Hauptkontrollraum.<\/p>\n<p>Nach einer gemeinsamen Mittagspause in der Cafeteria der GSI folgte die Besichtigung der Baustelle neuen Beschleunigerzentrums FAIR. Diese macht eine nie dagewesene Vielfalt an Experimenten \u00a0 m\u00f6glich, die Physiker*innen, sowie Forscher*innen mehr Einblick \u00fcber den Aufbau der Materie und die Entwicklung des Universums geben, vom Urknall bis heute. Anschlie\u00dfend hatte die Gruppe die Gelegenheit an einem \"Meet the Scientist\" teilzunehmen und ein Experte referierte \u00fcber \u00a0 Strahlentherapie mit Ionen.<\/p>\n<p>Nach Ende der Veranstaltung, ca. gegen 17 Uhr trat die Gruppe die R\u00fcckfahrt nach Wiesbaden an und bezog ihre Hotelzimmer.Anschlie\u00dfend folgte eine Besichtigung der Marktkirche Wiesbanden mit exklusiven Glockenkonzert des Organisten der Marktkirche. Gegen 20:00 Uhr folgte das gemeinsame Abendessen in einem typischen Altstadtlokal- ein gem\u00fctlicher Ausklang am Ende des ersten Tages.<\/p>\n<p>Am Samstagmorgen startete die Gruppe zur <a href=\"https:\/\/www.rns-wiesbaden.de\/de\/\">RNS Gemeinschaftspraxis Wiesbaden<\/a>,\u00a0 f\u00fcr einen interessanten Vortrag der Firma Sanofi. Prof. Dr. Jochen Maas referierte \u00fcber das Thema \u201eSind wir 2030 alle ges\u00fcnder?<em>\"<\/em> Wir danken Herrn Professor Maas und Firma Sanofi, f\u00fcr seine Unterst\u00fctzung. Es folgten weitere Vortr\u00e4ge zum Thema Partikeltherapie. Herr Dr. Eberle aus dem UK Gie\u00dfen\/Marburg stellte die \"Partikeltherapie aus klinischer Sicht\" dar. Herr Dr. Lerch, ebenfalls aus dem UK Gie\u00dfen\/Marburg besch\u00e4ftigte sich mit den \"Biologischen Grundlagen der Partikeltherapie\".<\/p>\n<p>Gegen 13:00 Uhr versammlte sich die Gruppe zum gemeinsamen Mittagsimbiss und traten im Anschluss Ihre Heimreise an.<\/p>\n<p>Wir freuen uns sehr dar\u00fcber, dass die Reise auf gro\u00dfe Zustimmung gesto\u00dfen ist und uns allen, auch den erfahrenen Radiotherapeuten, viele neue interessante wissenswerte Eindr\u00fccke erbracht hat.<\/p>\n<\/div>\n<\/div><\/div><\/div><\/div><div class=\"panel-grid\" id=\"pg-1103-1\" ><div class=\"panel-grid-cell\" id=\"pgc-1103-1-0\" ><div class=\"so-panel widget widget_sow-image panel-first-child panel-last-child\" id=\"panel-1103-1-0-0\" data-index=\"2\"><div class=\"so-widget-sow-image so-widget-sow-image-default-3f547a15eaaa\">\n\n<div class=\"sow-image-container\">\n\t<img src=\"https:\/\/www.degro.org\/club100\/wp-content\/uploads\/sites\/9\/2023\/11\/Besichtigung-GSI-Halle.jpg\" width=\"1039\" height=\"780\" srcset=\"https:\/\/www.degro.org\/club100\/wp-content\/uploads\/sites\/9\/2023\/11\/Besichtigung-GSI-Halle.jpg 1039w, https:\/\/www.degro.org\/club100\/wp-content\/uploads\/sites\/9\/2023\/11\/Besichtigung-GSI-Halle-300x225.jpg 300w, https:\/\/www.degro.org\/club100\/wp-content\/uploads\/sites\/9\/2023\/11\/Besichtigung-GSI-Halle-1024x769.jpg 1024w, https:\/\/www.degro.org\/club100\/wp-content\/uploads\/sites\/9\/2023\/11\/Besichtigung-GSI-Halle-768x577.jpg 768w\" title=\"Besichtigung GSI Halle\"  class=\"so-widget-image\"\/>\n<\/div>\n\n<\/div><\/div><\/div><div class=\"panel-grid-cell\" id=\"pgc-1103-1-1\" ><div class=\"so-panel widget widget_sow-image panel-first-child panel-last-child\" id=\"panel-1103-1-1-0\" data-index=\"3\"><div class=\"so-widget-sow-image so-widget-sow-image-default-3f547a15eaaa\">\n\n<div class=\"sow-image-container\">\n\t<img src=\"https:\/\/www.degro.org\/club100\/wp-content\/uploads\/sites\/9\/2023\/11\/GSI-Baustelle-FAIR.jpg\" width=\"964\" height=\"722\" srcset=\"https:\/\/www.degro.org\/club100\/wp-content\/uploads\/sites\/9\/2023\/11\/GSI-Baustelle-FAIR.jpg 964w, https:\/\/www.degro.org\/club100\/wp-content\/uploads\/sites\/9\/2023\/11\/GSI-Baustelle-FAIR-300x225.jpg 300w, https:\/\/www.degro.org\/club100\/wp-content\/uploads\/sites\/9\/2023\/11\/GSI-Baustelle-FAIR-768x575.jpg 768w\" title=\"GSI Baustelle FAIR\"  class=\"so-widget-image\"\/>\n<\/div>\n\n<\/div><\/div><\/div><div class=\"panel-grid-cell\" id=\"pgc-1103-1-2\" ><div class=\"so-panel widget widget_sow-image panel-first-child panel-last-child\" id=\"panel-1103-1-2-0\" data-index=\"4\"><div class=\"so-widget-sow-image so-widget-sow-image-default-3f547a15eaaa\">\n\n<div class=\"sow-image-container\">\n\t<img src=\"https:\/\/www.degro.org\/club100\/wp-content\/uploads\/sites\/9\/2023\/11\/Bsichtigung-GSI-Beschleunigeranlage.jpg\" width=\"1362\" height=\"1021\" srcset=\"https:\/\/www.degro.org\/club100\/wp-content\/uploads\/sites\/9\/2023\/11\/Bsichtigung-GSI-Beschleunigeranlage.jpg 1362w, https:\/\/www.degro.org\/club100\/wp-content\/uploads\/sites\/9\/2023\/11\/Bsichtigung-GSI-Beschleunigeranlage-300x225.jpg 300w, https:\/\/www.degro.org\/club100\/wp-content\/uploads\/sites\/9\/2023\/11\/Bsichtigung-GSI-Beschleunigeranlage-1024x768.jpg 1024w, https:\/\/www.degro.org\/club100\/wp-content\/uploads\/sites\/9\/2023\/11\/Bsichtigung-GSI-Beschleunigeranlage-768x576.jpg 768w\" title=\"Bsichtigung GSI Beschleunigeranlage\"  class=\"so-widget-image\"\/>\n<\/div>\n\n<\/div><\/div><\/div><div class=\"panel-grid-cell\" id=\"pgc-1103-1-3\" ><div class=\"so-panel widget widget_sow-image panel-first-child panel-last-child\" id=\"panel-1103-1-3-0\" data-index=\"5\"><div class=\"so-widget-sow-image so-widget-sow-image-default-3f547a15eaaa\">\n\n<div class=\"sow-image-container\">\n\t<img src=\"https:\/\/www.degro.org\/club100\/wp-content\/uploads\/sites\/9\/2023\/11\/Dinner.jpg\" width=\"1362\" height=\"1021\" srcset=\"https:\/\/www.degro.org\/club100\/wp-content\/uploads\/sites\/9\/2023\/11\/Dinner.jpg 1362w, https:\/\/www.degro.org\/club100\/wp-content\/uploads\/sites\/9\/2023\/11\/Dinner-300x225.jpg 300w, https:\/\/www.degro.org\/club100\/wp-content\/uploads\/sites\/9\/2023\/11\/Dinner-1024x768.jpg 1024w, https:\/\/www.degro.org\/club100\/wp-content\/uploads\/sites\/9\/2023\/11\/Dinner-768x576.jpg 768w\"  class=\"so-widget-image\"\/>\n<\/div>\n\n<\/div><\/div><\/div><div class=\"panel-grid-cell\" id=\"pgc-1103-1-4\" ><div class=\"so-panel widget widget_sow-image panel-first-child panel-last-child\" id=\"panel-1103-1-4-0\" data-index=\"6\"><div class=\"so-widget-sow-image so-widget-sow-image-default-3f547a15eaaa\">\n\n<div class=\"sow-image-container\">\n\t<img src=\"https:\/\/www.degro.org\/club100\/wp-content\/uploads\/sites\/9\/2023\/12\/IMG_9517-scaled.jpg\" width=\"2560\" height=\"1920\" srcset=\"https:\/\/www.degro.org\/club100\/wp-content\/uploads\/sites\/9\/2023\/12\/IMG_9517-scaled.jpg 2560w, https:\/\/www.degro.org\/club100\/wp-content\/uploads\/sites\/9\/2023\/12\/IMG_9517-300x225.jpg 300w, https:\/\/www.degro.org\/club100\/wp-content\/uploads\/sites\/9\/2023\/12\/IMG_9517-1024x768.jpg 1024w, https:\/\/www.degro.org\/club100\/wp-content\/uploads\/sites\/9\/2023\/12\/IMG_9517-768x576.jpg 768w, https:\/\/www.degro.org\/club100\/wp-content\/uploads\/sites\/9\/2023\/12\/IMG_9517-1536x1152.jpg 1536w, https:\/\/www.degro.org\/club100\/wp-content\/uploads\/sites\/9\/2023\/12\/IMG_9517-2048x1536.jpg 2048w\" title=\"IMG_9517\"  class=\"so-widget-image\"\/>\n<\/div>\n\n<\/div><\/div><\/div><\/div><\/div>","protected":false},"excerpt":{"rendered":"<p>#pg-1103-0 , #pl-1103 .panel-grid-cell .so-panel { margin-bottom:30px } #pg-1103-0 .panel-grid-cell { float:none } #pgc-1103-1-0 , #pgc-1103-1-1 , #pgc-1103-1-2 , #pgc-1103-1-3 , #pgc-1103-1-4 { width:20% } #pg-1103-1 .panel-grid-cell { float:left } #pl-1103 .panel-grid-cell .so-panel:last-child { margin-bottom:0px } #pg-1103-0 , #pg-1103-1 { <\/p>\n","protected":false},"author":8,"featured_media":0,"parent":0,"menu_order":0,"comment_status":"closed","ping_status":"closed","template":"","meta":[],"_links":{"self":[{"href":"https:\/\/www.degro.org\/club100\/wp-json\/wp\/v2\/pages\/1103"}],"collection":[{"href":"https:\/\/www.degro.org\/club100\/wp-json\/wp\/v2\/pages"}],"about":[{"href":"https:\/\/www.degro.org\/club100\/wp-json\/wp\/v2\/types\/page"}],"author":[{"embeddable":true,"href":"https:\/\/www.degro.org\/club100\/wp-json\/wp\/v2\/users\/8"}],"replies":[{"embeddable":true,"href":"https:\/\/www.degro.org\/club100\/wp-json\/wp\/v2\/comments?post=1103"}],"version-history":[{"count":5,"href":"https:\/\/www.degro.org\/club100\/wp-json\/wp\/v2\/pages\/1103\/revisions"}],"predecessor-version":[{"id":1117,"href":"https:\/\/www.degro.org\/club100\/wp-json\/wp\/v2\/pages\/1103\/revisions\/1117"}],"wp:attachment":[{"href":"https:\/\/www.degro.org\/club100\/wp-json\/wp\/v2\/media?parent=1103"}],"curies":[{"name":"wp","href":"https:\/\/api.w.org\/{rel}","templated":true}]}}