


{"id":36,"date":"2022-09-09T14:24:29","date_gmt":"2022-09-09T12:24:29","guid":{"rendered":"https:\/\/www.degro.org\/brachytherapie\/?page_id=36"},"modified":"2024-08-13T11:08:29","modified_gmt":"2024-08-13T09:08:29","slug":"ueber-uns","status":"publish","type":"page","link":"https:\/\/www.degro.org\/brachytherapie\/","title":{"rendered":"AG Brachytherapie"},"content":{"rendered":"<div id=\"pl-36\"><style scoped>#pg-36-0 , #pl-36 .panel-grid-cell .so-panel { margin-bottom:30px } #pg-36-0 .panel-grid-cell { float:none } #pgc-36-1-0 { width:2% } #pgc-36-1-1 { width:98% } #pg-36-1 .panel-grid-cell { float:left } #pl-36 .panel-grid-cell .so-panel:last-child { margin-bottom:0px } #pg-36-0 , #pg-36-1 { margin-left:-15px;margin-right:-15px } #pg-36-0 .panel-grid-cell , #pg-36-1 .panel-grid-cell { padding-left:15px;padding-right:15px } @media (max-width:780px){ #pg-36-0 .panel-grid-cell , #pg-36-1 .panel-grid-cell { float:none;width:auto } #pgc-36-1-0 { margin-bottom:30px } #pl-36 .panel-grid , #pl-36 .panel-grid-cell {  } #pl-36 .panel-grid .panel-grid-cell-empty { display:none } #pl-36 .panel-grid .panel-grid-cell-mobile-last { margin-bottom:0px }  } <\/style><div class=\"panel-grid\" id=\"pg-36-0\" ><div class=\"panel-grid-cell\" id=\"pgc-36-0-0\" ><div class=\"so-panel widget widget_sow-editor panel-first-child\" id=\"panel-36-0-0-0\" data-index=\"0\"><div class=\"so-widget-sow-editor so-widget-sow-editor-base\">\n<div class=\"siteorigin-widget-tinymce textwidget\">\n\t<h1><strong>Herzlich Willkommen auf der Webseite der Arbeitsgruppe Brachytherapie<\/strong><\/h1>\n<\/div>\n<\/div><\/div><div class=\"so-panel widget widget_sow-editor\" id=\"panel-36-0-0-1\" data-index=\"1\"><div class=\"so-widget-sow-editor so-widget-sow-editor-base\">\n<div class=\"siteorigin-widget-tinymce textwidget\">\n\t<p>Die Arbeitsgruppe Brachytherapie (Interventionelle Strahlentherapie) innerhalb der Deutschen Gesellschaft f\u00fcr Radioonkologie (DEGRO) ist ein Zusammenschluss von Experten und Fachleuten, die sich leidenschaftlich f\u00fcr die Weiterentwicklung und Anwendung dieser hochpr\u00e4zisen Strahlentherapieform engagieren.<\/p>\n<p><span style=\"color: #009cd8\"><strong>Was ist Brachytherapie?<\/strong><\/span><\/p>\n<p>Brachytherapie ist eine Form der Strahlentherapie, bei der eine Strahlenquelle direkt im bzw. am Tumor oder dem ehemaligen Tumorbett platziert wird. Diese pr\u00e4zise Methode, auch \u201einterventionelle Strahlentherapie\u201c genannt, erlaubt es, die Strahlendosis gezielt auf das betroffene Areal zu fokussieren und gleichzeitig das umliegende gesunde Gewebe zu schonen.<\/p>\n<p><span style=\"color: #009cd8\"><strong>Unsere Aufgaben<\/strong><\/span><\/p>\n<p>Die Arbeitsgruppe Brachytherapie konzentriert sich auf die Optimierung und Weiterentwicklung aller Aspekte der Brachytherapie. Dazu geh\u00f6ren u.a. Indikationen, Anwendung, Operationstechniken, technische Ausstattung, Applikatoren, medizinisch Physik und Qualit\u00e4tssicherung. Ebenso bieten wir Weiter- und Fortbildungsveranstaltungen an und f\u00fchren\u00a0wissenschaftliche Studien zur Brachytherapie durch.<\/p>\n<p><span style=\"color: #009cd8\"><strong>Expertise und Fokus<\/strong><\/span><\/p>\n<p>Als Gruppe von Experten befassen wir uns mit den klinischen und wissenschaftlichen Aspekten der Brachytherapie in der Behandlung von b\u00f6sartigen Tumoren wie z.B. Prostatakarzinome, Brustkrebs, gyn\u00e4kologische Malignome, HNO-Tumore, Hauttumore, Peniskarzinome, Lebertumore,\u00a0Speiser\u00f6hrenkarzinome, Rektumkarzinome, Analkarzinome, Sarkome, Aderhautmelanome und viele mehr. Dar\u00fcber hinaus befassen wir uns auch mit den klinischen und wissenschaftlichen Aspekten der Brachytherapie in der Behandlung von gutartigen Erkrankungen wie Keloide und\u00a0Pterygium.<\/p>\n<p><span style=\"color: #009cd8\"><strong>Forschung und Studien<\/strong><\/span><\/p>\n<p>Wir sammeln wissenschaftliche Daten \u00fcber die Behandlung mit Brachytherapie (HDR, LDR, PDR) und initiieren multizentrische Studien zur Behandlung b\u00f6sartiger Tumoren mit Brachytherapie (interventionelle Strahlentherapie).<\/p>\n<p><span style=\"color: #009cd8\"><strong>Bildungsangebote und Hospitationsprogramm<\/strong><\/span><\/p>\n<p>Gemeinsam m\u00f6chten wir die Brachytherapie st\u00e4rken. Die DEGRO-Arbeitsgruppe \"Junge DEGRO\" hat mit unserer Unterst\u00fctzung ein Hospitationsprogramm entwickelt, um die Brachytherapie zu st\u00e4rken um den \u00c4rzten und \u00c4rztinnen in Weiterbildung einen Einblick in die Brachytherapie zu gew\u00e4hren und Techniken zu erlernen. Die Datenbank liefert Ihnen Informationen zu teilnehmenden Kliniken (Liste wird stetig aktualisiert), und den jeweiligen Kontaktpersonen vor Ort.<\/p>\n<p><a href=\"https:\/\/www.degro.org\/brachytherapie\/hospitation\/\">HOSPITATIONSPROGRAMM Brachytherapie<\/a><\/p>\n<p><span style=\"color: #009cd8\"><strong>Kontakt und Engagement<\/strong><\/span><\/p>\n<p>Wir laden alle Interessierten herzlich dazu ein, sich unserer Arbeitsgruppe \u201eBrachytherapie (Interventionelle Strahlentherapie)\u201c\u00a0anzuschlie\u00dfen, um aktiv an der Gestaltung und Weiterentwicklung dieser faszinierenden, hoch effektiven und au\u00dferordentlich schonenden Therapiemethode teilzunehmen. Ihre Expertise und Ihr Engagement werden entscheidend f\u00fcr die Fortschritte in dieser anspruchsvollen Therapieform sein.<\/p>\n<\/div>\n<\/div><\/div><div class=\"so-panel widget widget_sow-editor panel-last-child\" id=\"panel-36-0-0-2\" data-index=\"2\"><div class=\"so-widget-sow-editor so-widget-sow-editor-base\">\n<div class=\"siteorigin-widget-tinymce textwidget\">\n\t<p><strong><span style=\"color: #009cd8\">Der Vorstand der Arbeitsgruppe:<\/span><br \/>\n<\/strong><\/p>\n<\/div>\n<\/div><\/div><\/div><\/div><div class=\"panel-grid\" id=\"pg-36-1\" ><div class=\"panel-grid-cell panel-grid-cell-empty\" id=\"pgc-36-1-0\" ><\/div><div class=\"panel-grid-cell\" id=\"pgc-36-1-1\" ><div class=\"so-panel widget widget_lsow-team-members panel-first-child\" id=\"panel-36-1-1-0\" data-index=\"3\"><div class=\"so-widget-lsow-team-members so-widget-lsow-team-members-base\">\n\n\n\n\n<div class=\"lsow-team-members lsow-style2 lsow-container\">\n\n    \n        <div class=\"lsow-team-member-wrapper \">\n\n            <div class=\"lsow-team-member\">\n\n                <div class=\"lsow-image-wrapper\">\n\n                    <img width=\"150\" height=\"150\" src=\"https:\/\/www.degro.org\/brachytherapie\/wp-content\/uploads\/sites\/17\/2022\/10\/Platzhalter_150x150.jpg\" class=\"lsow-image full\" alt=\"\" loading=\"lazy\" \/>\n                    \n                <\/div>\n\n                <div class=\"lsow-team-member-text\">\n\n                    <h3 class=\"lsow-title\">Prof. Dr. med. Vratislav Strnad<\/h3>\n\n                    <div class=\"lsow-team-member-position\">\n\n                        Vorsitzender\n                    <\/div>\n\n                    <div class=\"lsow-team-member-details\">\n\n                        Universit\u00e4tsklinikum Erlangen | Strahlenklinik | vratislav.strnad@uk-erlangen.de\n                    <\/div>\n\n                    \n                        \n<div class=\"lsow-social-wrap\">\n\n    <div class=\"lsow-social-list\">\n\n        \n    <\/div>\n\n<\/div>\n\n                    \n                <\/div>\n\n            <\/div>\n\n        <\/div>\n\n    \n<\/div><\/div><\/div><div class=\"so-panel widget widget_lsow-team-members\" id=\"panel-36-1-1-1\" data-index=\"4\"><div class=\"so-widget-lsow-team-members so-widget-lsow-team-members-base\">\n\n\n\n\n<div class=\"lsow-team-members lsow-style2 lsow-container\">\n\n    \n        <div class=\"lsow-team-member-wrapper \">\n\n            <div class=\"lsow-team-member\">\n\n                <div class=\"lsow-image-wrapper\">\n\n                    <img width=\"150\" height=\"150\" src=\"https:\/\/www.degro.org\/brachytherapie\/wp-content\/uploads\/sites\/17\/2022\/10\/Platzhalter_150x150.jpg\" class=\"lsow-image full\" alt=\"\" loading=\"lazy\" \/>\n                    \n                <\/div>\n\n                <div class=\"lsow-team-member-text\">\n\n                    <h3 class=\"lsow-title\">Prof. Dr. med. Peter Niehoff<\/h3>\n\n                    <div class=\"lsow-team-member-position\">\n\n                        Stellvertreter\n                    <\/div>\n\n                    <div class=\"lsow-team-member-details\">\n\n                        Sana Klinikum Offenbach GmbH | Klinik f\u00fcr Strahlentherapie und interdisziplin\u00e4re Onkologie | peter.niehoff@sana.de\n\n                    <\/div>\n\n                    \n                        \n<div class=\"lsow-social-wrap\">\n\n    <div class=\"lsow-social-list\">\n\n        \n    <\/div>\n\n<\/div>\n\n                    \n                <\/div>\n\n            <\/div>\n\n        <\/div>\n\n    \n<\/div><\/div><\/div><div class=\"so-panel widget widget_lsow-team-members\" id=\"panel-36-1-1-2\" data-index=\"5\"><div class=\"so-widget-lsow-team-members so-widget-lsow-team-members-base\">\n\n\n\n\n<div class=\"lsow-team-members lsow-style2 lsow-container\">\n\n    \n        <div class=\"lsow-team-member-wrapper \">\n\n            <div class=\"lsow-team-member\">\n\n                <div class=\"lsow-image-wrapper\">\n\n                    <img width=\"150\" height=\"150\" src=\"https:\/\/www.degro.org\/brachytherapie\/wp-content\/uploads\/sites\/17\/2022\/10\/Platzhalter_150x150.jpg\" class=\"lsow-image full\" alt=\"\" loading=\"lazy\" \/>\n                    \n                <\/div>\n\n                <div class=\"lsow-team-member-text\">\n\n                    <h3 class=\"lsow-title\">Prof. Dr. med. Katja Lindel<\/h3>\n\n                    <div class=\"lsow-team-member-position\">\n\n                        Beisitzerin\n                    <\/div>\n\n                    <div class=\"lsow-team-member-details\">\n\n                        St\u00e4dtisches Klinikum Karlsruhe gGmbH | Klinik f\u00fcr Radioonkologie und Strahlentherapie mit MVZ | katja.lindel@klinikum-karlsruhe.de | klindel@gmx.de\n\n                    <\/div>\n\n                    \n                        \n<div class=\"lsow-social-wrap\">\n\n    <div class=\"lsow-social-list\">\n\n        \n    <\/div>\n\n<\/div>\n\n                    \n                <\/div>\n\n            <\/div>\n\n        <\/div>\n\n    \n<\/div><\/div><\/div><div class=\"so-panel widget widget_lsow-team-members panel-last-child\" id=\"panel-36-1-1-3\" data-index=\"6\"><div class=\"so-widget-lsow-team-members so-widget-lsow-team-members-base\">\n\n\n\n\n<div class=\"lsow-team-members lsow-style2 lsow-container\">\n\n    \n        <div class=\"lsow-team-member-wrapper \">\n\n            <div class=\"lsow-team-member\">\n\n                <div class=\"lsow-image-wrapper\">\n\n                    <img width=\"150\" height=\"150\" src=\"https:\/\/www.degro.org\/brachytherapie\/wp-content\/uploads\/sites\/17\/2022\/10\/Platzhalter_150x150.jpg\" class=\"lsow-image full\" alt=\"\" loading=\"lazy\" \/>\n                    \n                <\/div>\n\n                <div class=\"lsow-team-member-text\">\n\n                    <h3 class=\"lsow-title\">Prof. Dr. med. Stefanie Corradini<\/h3>\n\n                    <div class=\"lsow-team-member-position\">\n\n                        Beisitzerin\n                    <\/div>\n\n                    <div class=\"lsow-team-member-details\">\n\n                        Klinikum der Ludwig-Maximilian-Universit\u00e4t M\u00fcnchen | Campus Grosshadern | Klinik und Poliklinik f\u00fcr Strahlentherapie und Radioonkologie | stefanie.corradini@med.uni-muenchen.de\n\n\n                    <\/div>\n\n                    \n                        \n<div class=\"lsow-social-wrap\">\n\n    <div class=\"lsow-social-list\">\n\n        \n    <\/div>\n\n<\/div>\n\n                    \n                <\/div>\n\n            <\/div>\n\n        <\/div>\n\n    \n<\/div><\/div><\/div><\/div><\/div><\/div>","protected":false},"excerpt":{"rendered":"<p>#pg-36-0 , #pl-36 .panel-grid-cell .so-panel { margin-bottom:30px } #pg-36-0 .panel-grid-cell { float:none } #pgc-36-1-0 { width:2% } #pgc-36-1-1 { width:98% } #pg-36-1 .panel-grid-cell { float:left } #pl-36 .panel-grid-cell .so-panel:last-child { margin-bottom:0px } #pg-36-0 , #pg-36-1 { margin-left:-15px;margin-right:-15px } #pg-36-0 .panel-grid-cell <\/p>\n","protected":false},"author":8,"featured_media":0,"parent":0,"menu_order":0,"comment_status":"closed","ping_status":"closed","template":"","meta":[],"_links":{"self":[{"href":"https:\/\/www.degro.org\/brachytherapie\/wp-json\/wp\/v2\/pages\/36"}],"collection":[{"href":"https:\/\/www.degro.org\/brachytherapie\/wp-json\/wp\/v2\/pages"}],"about":[{"href":"https:\/\/www.degro.org\/brachytherapie\/wp-json\/wp\/v2\/types\/page"}],"author":[{"embeddable":true,"href":"https:\/\/www.degro.org\/brachytherapie\/wp-json\/wp\/v2\/users\/8"}],"replies":[{"embeddable":true,"href":"https:\/\/www.degro.org\/brachytherapie\/wp-json\/wp\/v2\/comments?post=36"}],"version-history":[{"count":20,"href":"https:\/\/www.degro.org\/brachytherapie\/wp-json\/wp\/v2\/pages\/36\/revisions"}],"predecessor-version":[{"id":113,"href":"https:\/\/www.degro.org\/brachytherapie\/wp-json\/wp\/v2\/pages\/36\/revisions\/113"}],"wp:attachment":[{"href":"https:\/\/www.degro.org\/brachytherapie\/wp-json\/wp\/v2\/media?parent=36"}],"curies":[{"name":"wp","href":"https:\/\/api.w.org\/{rel}","templated":true}]}}